{"id":75605,"date":"2024-12-02T12:48:27","date_gmt":"2024-12-02T11:48:27","guid":{"rendered":"https:\/\/fsmcv.org\/agenda\/nadal-solidari-2\/"},"modified":"2024-12-02T12:48:27","modified_gmt":"2024-12-02T11:48:27","slug":"nadal-solidari-2","status":"publish","type":"mec-events","link":"https:\/\/fsmcv.org\/vl\/agenda\/nadal-solidari-2\/","title":{"rendered":"Nadal solidari"},"content":{"rendered":"<p>Lloc de realitzaci\u00f3: Sala ITURBI, Palau de la M\u00fasica, Val\u00e8ncia. 30\/40\/60 \u20ac. ABONO 11 Huw Montague Rendall, bar\u00edtono \/ Gabriel von Eisenstein<br \/>\nIulia Maria Dan, soprano \/ Rosalinde<br \/>\nLeon Ko\u0161avi\u0107, bar\u00edtono \/ Dr. Falke<br \/>\nAlina Wunderlin, soprano \/ Adele<br \/>\nMichael Kraus, bar\u00edtono \/ Frank<br \/>\nSandrine Buendia, soprano \/ Ida<br \/>\nMagnus Dietrich, tenor \/ Alfred<br \/>\nKre\u0161imir \u0160picer, tenor \/ Dr. Blind<br \/>\nEkaterina Chayka-Rubinstein, mezzosoprano \/ Pr\u00edncipe Orlofsky<br \/>\nManfred Schwaiger, Frosch<br \/>\nCOR DE CAMBRA DEL PALAU DE LA M\u00daSICA CATALANA<br \/>\nLES MUSICIENS DU LOUVRE<br \/>\nMarc Minkowski, director Gran gala de Navidad Johann Strauss El murci\u00e9lago (Die Fledermaus). \u00d3pera en versi\u00f3n concierto La prestigiosa formaci\u00f3n francesa Les Musiciens du Louvre, con su titular, Mark Minkowski, y un reparto vocal de lujo en el que figura el Cor de Cambra del Palau de la M\u00fasica Catalana, interpretar\u00e1n una de las operetas vienesas m\u00e1s famosas y t\u00edpicas de Navidad como es El murci\u00e9lago de Johann Strauss. Los franceses han visitado el Palau hasta en nueve ocasiones con \u00e9xito rotundo en cada una de ellas, por su excepcional sonoridad, emoci\u00f3n y equilibrio. Junto al nutrido elenco de solistas vocales, destaca el Cor de Cambra catal\u00e1n, habitual colaborador de Minkowski, que destaca por la belleza y perfecto empaste de sus voces. Esta vez se alejan un tanto de su repertorio barroco y cl\u00e1sico para introducirse en una alegre \u00f3pera protagonizada por un personaje que va disfrazado de murci\u00e9lago, lo que da nombre a la partitura. Fue Gustav Mahler quien introdujo la obra en el repertorio de la \u00d3pera de Hamburgo a partir de 1984 y as\u00ed, comenz\u00f3 a formar parte del programa estable de todos los teatros l\u00edricos del mundo.<\/p>\n","protected":false},"excerpt":{"rendered":"<p>Lloc de realitzaci\u00f3: Sala ITURBI, Palau de la M\u00fasica, Val\u00e8ncia. 30\/40\/60 \u20ac. ABONO 11 Huw Montague Rendall, bar\u00edtono \/ Gabriel von Eisenstein Iulia Maria Dan, soprano \/ Rosalinde Leon Ko\u0161avi\u0107, bar\u00edtono \/ Dr. Falke Alina Wunderlin, soprano \/ Adele Michael Kraus, bar\u00edtono \/ Frank Sandrine Buendia, soprano \/ Ida Magnus Dietrich, tenor \/ Alfred Kre\u0161imir [&hellip;]<\/p>\n","protected":false},"author":17,"featured_media":44108,"template":"","tags":[],"mec_category":[220],"class_list":["post-75605","mec-events","type-mec-events","status-publish","has-post-thumbnail","hentry","mec_category-concerts"],"_links":{"self":[{"href":"https:\/\/fsmcv.org\/vl\/wp-json\/wp\/v2\/mec-events\/75605","targetHints":{"allow":["GET"]}}],"collection":[{"href":"https:\/\/fsmcv.org\/vl\/wp-json\/wp\/v2\/mec-events"}],"about":[{"href":"https:\/\/fsmcv.org\/vl\/wp-json\/wp\/v2\/types\/mec-events"}],"author":[{"embeddable":true,"href":"https:\/\/fsmcv.org\/vl\/wp-json\/wp\/v2\/users\/17"}],"wp:featuredmedia":[{"embeddable":true,"href":"https:\/\/fsmcv.org\/vl\/wp-json\/wp\/v2\/media\/44108"}],"wp:attachment":[{"href":"https:\/\/fsmcv.org\/vl\/wp-json\/wp\/v2\/media?parent=75605"}],"wp:term":[{"taxonomy":"post_tag","embeddable":true,"href":"https:\/\/fsmcv.org\/vl\/wp-json\/wp\/v2\/tags?post=75605"},{"taxonomy":"mec_category","embeddable":true,"href":"https:\/\/fsmcv.org\/vl\/wp-json\/wp\/v2\/mec_category?post=75605"}],"curies":[{"name":"wp","href":"https:\/\/api.w.org\/{rel}","templated":true}]}}

<p>Lloc de realització: Sala ITURBI, Palau de la Música, València. 30/40/60 €. ABONO 11 Huw Montague Rendall, barítono / Gabriel von Eisenstein<br />
Iulia Maria Dan, soprano / Rosalinde<br />
Leon Košavić, barítono / Dr. Falke<br />
Alina Wunderlin, soprano / Adele<br />
Michael Kraus, barítono / Frank<br />
Sandrine Buendia, soprano / Ida<br />
Magnus Dietrich, tenor / Alfred<br />
Krešimir Špicer, tenor / Dr. Blind<br />
Ekaterina Chayka-Rubinstein, mezzosoprano / Príncipe Orlofsky<br />
Manfred Schwaiger, Frosch<br />
COR DE CAMBRA DEL PALAU DE LA MÚSICA CATALANA<br />
LES MUSICIENS DU LOUVRE<br />
Marc Minkowski, director Gran gala de Navidad Johann Strauss El murciélago (Die Fledermaus). Ópera en versión concierto La prestigiosa formación francesa Les Musiciens du Louvre, con su titular, Mark Minkowski, y un reparto vocal de lujo en el que figura el Cor de Cambra del Palau de la Música Catalana, interpretarán una de las operetas vienesas más famosas y típicas de Navidad como es El murciélago de Johann Strauss. Los franceses han visitado el Palau hasta en nueve ocasiones con éxito rotundo en cada una de ellas, por su excepcional sonoridad, emoción y equilibrio. Junto al nutrido elenco de solistas vocales, destaca el Cor de Cambra catalán, habitual colaborador de Minkowski, que destaca por la belleza y perfecto empaste de sus voces. Esta vez se alejan un tanto de su repertorio barroco y clásico para introducirse en una alegre ópera protagonizada por un personaje que va disfrazado de murciélago, lo que da nombre a la partitura. Fue Gustav Mahler quien introdujo la obra en el repertorio de la Ópera de Hamburgo a partir de 1984 y así, comenzó a formar parte del programa estable de todos los teatros líricos del mundo.</p>

<p>Lloc de realització: Sala ITURBI, Palau de la Música, València. 30/40/60 €. ABONO 11 Huw Montague Rendall, barítono / Gabriel von Eisenstein Iulia Maria Dan, soprano / Rosalinde Leon Košavić, barítono / Dr. Falke Alina Wunderlin, soprano / Adele Michael Kraus, barítono / Frank Sandrine Buendia, soprano / Ida Magnus Dietrich, tenor / Alfred Krešimir [&hellip;]</p>
