{"id":75759,"date":"2024-12-11T10:15:51","date_gmt":"2024-12-11T09:15:51","guid":{"rendered":"https:\/\/fsmcv.org\/agenda\/cicle-de-concerts-de-nadal-de-lajuntament-de-valencia-agrupacio-musical-gayano-lluch\/"},"modified":"2024-12-11T10:15:51","modified_gmt":"2024-12-11T09:15:51","slug":"cicle-de-concerts-de-nadal-de-lajuntament-de-valencia-agrupacio-musical-gayano-lluch","status":"publish","type":"mec-events","link":"https:\/\/fsmcv.org\/vl\/agenda\/cicle-de-concerts-de-nadal-de-lajuntament-de-valencia-agrupacio-musical-gayano-lluch\/","title":{"rendered":"Cicle de concerts de Nadal de l&#8217;Ajuntament de Val\u00e8ncia &#8211; Agrupaci\u00f3 Musical Gayano Lluch"},"content":{"rendered":"<p>Lloc de realitzaci\u00f3: PARQUE EN GAYANO LLUCH, 27<\/p>\n","protected":false},"excerpt":{"rendered":"<p>Lloc de realitzaci\u00f3: PARQUE EN GAYANO LLUCH, 27<\/p>\n","protected":false},"author":17,"featured_media":75737,"template":"","tags":[],"mec_category":[220],"class_list":["post-75759","mec-events","type-mec-events","status-publish","has-post-thumbnail","hentry","mec_category-concerts"],"_links":{"self":[{"href":"https:\/\/fsmcv.org\/vl\/wp-json\/wp\/v2\/mec-events\/75759","targetHints":{"allow":["GET"]}}],"collection":[{"href":"https:\/\/fsmcv.org\/vl\/wp-json\/wp\/v2\/mec-events"}],"about":[{"href":"https:\/\/fsmcv.org\/vl\/wp-json\/wp\/v2\/types\/mec-events"}],"author":[{"embeddable":true,"href":"https:\/\/fsmcv.org\/vl\/wp-json\/wp\/v2\/users\/17"}],"wp:featuredmedia":[{"embeddable":true,"href":"https:\/\/fsmcv.org\/vl\/wp-json\/wp\/v2\/media\/75737"}],"wp:attachment":[{"href":"https:\/\/fsmcv.org\/vl\/wp-json\/wp\/v2\/media?parent=75759"}],"wp:term":[{"taxonomy":"post_tag","embeddable":true,"href":"https:\/\/fsmcv.org\/vl\/wp-json\/wp\/v2\/tags?post=75759"},{"taxonomy":"mec_category","embeddable":true,"href":"https:\/\/fsmcv.org\/vl\/wp-json\/wp\/v2\/mec_category?post=75759"}],"curies":[{"name":"wp","href":"https:\/\/api.w.org\/{rel}","templated":true}]}}

Cicle de concerts de Nadal de l&#8217;Ajuntament de València &#8211; Agrupació Musical Gayano Lluch

<p>Lloc de realització: PARQUE EN GAYANO LLUCH, 27</p>
