{"id":75769,"date":"2024-12-11T18:42:36","date_gmt":"2024-12-11T17:42:36","guid":{"rendered":"https:\/\/fsmcv.org\/agenda\/cicle-de-concerts-de-nadal-de-lajuntament-de-valencia-associacio-cultural-falla-jeronima-gales-litograf-pascual-i-abad\/"},"modified":"2024-12-11T18:42:36","modified_gmt":"2024-12-11T17:42:36","slug":"cicle-de-concerts-de-nadal-de-lajuntament-de-valencia-associacio-cultural-falla-jeronima-gales-litograf-pascual-i-abad","status":"publish","type":"mec-events","link":"https:\/\/fsmcv.org\/vl\/agenda\/cicle-de-concerts-de-nadal-de-lajuntament-de-valencia-associacio-cultural-falla-jeronima-gales-litograf-pascual-i-abad\/","title":{"rendered":"Cicle de concerts de Nadal de l&#8217;Ajuntament de Val\u00e8ncia &#8211; Associaci\u00f3 Cultural Falla Jer\u00f2nima Gal\u00e9s-Lit\u00f2graf Pascual i Abad"},"content":{"rendered":"<p>Lloc de realitzaci\u00f3: Carrer M\u00fasico Penella, 10<\/p>\n","protected":false},"excerpt":{"rendered":"<p>Lloc de realitzaci\u00f3: Carrer M\u00fasico Penella, 10<\/p>\n","protected":false},"author":17,"featured_media":75890,"template":"","tags":[],"mec_category":[220],"class_list":["post-75769","mec-events","type-mec-events","status-publish","has-post-thumbnail","hentry","mec_category-concerts"],"_links":{"self":[{"href":"https:\/\/fsmcv.org\/vl\/wp-json\/wp\/v2\/mec-events\/75769","targetHints":{"allow":["GET"]}}],"collection":[{"href":"https:\/\/fsmcv.org\/vl\/wp-json\/wp\/v2\/mec-events"}],"about":[{"href":"https:\/\/fsmcv.org\/vl\/wp-json\/wp\/v2\/types\/mec-events"}],"author":[{"embeddable":true,"href":"https:\/\/fsmcv.org\/vl\/wp-json\/wp\/v2\/users\/17"}],"wp:featuredmedia":[{"embeddable":true,"href":"https:\/\/fsmcv.org\/vl\/wp-json\/wp\/v2\/media\/75890"}],"wp:attachment":[{"href":"https:\/\/fsmcv.org\/vl\/wp-json\/wp\/v2\/media?parent=75769"}],"wp:term":[{"taxonomy":"post_tag","embeddable":true,"href":"https:\/\/fsmcv.org\/vl\/wp-json\/wp\/v2\/tags?post=75769"},{"taxonomy":"mec_category","embeddable":true,"href":"https:\/\/fsmcv.org\/vl\/wp-json\/wp\/v2\/mec_category?post=75769"}],"curies":[{"name":"wp","href":"https:\/\/api.w.org\/{rel}","templated":true}]}}

Cicle de concerts de Nadal de l&#8217;Ajuntament de València &#8211; Associació Cultural Falla Jerònima Galés-Litògraf Pascual i Abad

<p>Lloc de realització: Carrer Músico Penella, 10</p>
