{"id":75787,"date":"2024-12-12T10:09:12","date_gmt":"2024-12-12T09:09:12","guid":{"rendered":"https:\/\/fsmcv.org\/agenda\/cicle-de-concerts-de-nadal-de-lajuntament-de-valencia-centre-de-musica-i-dansa-de-natzaret\/"},"modified":"2024-12-12T10:09:12","modified_gmt":"2024-12-12T09:09:12","slug":"cicle-de-concerts-de-nadal-de-lajuntament-de-valencia-centre-de-musica-i-dansa-de-natzaret","status":"publish","type":"mec-events","link":"https:\/\/fsmcv.org\/vl\/agenda\/cicle-de-concerts-de-nadal-de-lajuntament-de-valencia-centre-de-musica-i-dansa-de-natzaret\/","title":{"rendered":"Cicle de concerts de Nadal de l&#8217;Ajuntament de Val\u00e8ncia &#8211; Centre de M\u00fasica i Dansa de Natzaret"},"content":{"rendered":"<p>Lloc de realitzaci\u00f3: Plaza del Sant\u00edssim Crist de Natzaret<\/p>\n","protected":false},"excerpt":{"rendered":"<p>Lloc de realitzaci\u00f3: Plaza del Sant\u00edssim Crist de Natzaret<\/p>\n","protected":false},"author":17,"featured_media":75765,"template":"","tags":[],"mec_category":[220],"class_list":["post-75787","mec-events","type-mec-events","status-publish","has-post-thumbnail","hentry","mec_category-concerts"],"_links":{"self":[{"href":"https:\/\/fsmcv.org\/vl\/wp-json\/wp\/v2\/mec-events\/75787","targetHints":{"allow":["GET"]}}],"collection":[{"href":"https:\/\/fsmcv.org\/vl\/wp-json\/wp\/v2\/mec-events"}],"about":[{"href":"https:\/\/fsmcv.org\/vl\/wp-json\/wp\/v2\/types\/mec-events"}],"author":[{"embeddable":true,"href":"https:\/\/fsmcv.org\/vl\/wp-json\/wp\/v2\/users\/17"}],"wp:featuredmedia":[{"embeddable":true,"href":"https:\/\/fsmcv.org\/vl\/wp-json\/wp\/v2\/media\/75765"}],"wp:attachment":[{"href":"https:\/\/fsmcv.org\/vl\/wp-json\/wp\/v2\/media?parent=75787"}],"wp:term":[{"taxonomy":"post_tag","embeddable":true,"href":"https:\/\/fsmcv.org\/vl\/wp-json\/wp\/v2\/tags?post=75787"},{"taxonomy":"mec_category","embeddable":true,"href":"https:\/\/fsmcv.org\/vl\/wp-json\/wp\/v2\/mec_category?post=75787"}],"curies":[{"name":"wp","href":"https:\/\/api.w.org\/{rel}","templated":true}]}}

Cicle de concerts de Nadal de l&#8217;Ajuntament de València &#8211; Centre de Música i Dansa de Natzaret

<p>Lloc de realització: Plaza del Santíssim Crist de Natzaret</p>
