{"id":75808,"date":"2024-12-12T10:55:25","date_gmt":"2024-12-12T09:55:25","guid":{"rendered":"https:\/\/fsmcv.org\/agenda\/cicle-de-concerts-de-nadal-de-lajuntament-de-valencia-agrupacio-musical-de-massarrojos\/"},"modified":"2024-12-12T10:55:25","modified_gmt":"2024-12-12T09:55:25","slug":"cicle-de-concerts-de-nadal-de-lajuntament-de-valencia-agrupacio-musical-de-massarrojos","status":"publish","type":"mec-events","link":"https:\/\/fsmcv.org\/vl\/agenda\/cicle-de-concerts-de-nadal-de-lajuntament-de-valencia-agrupacio-musical-de-massarrojos\/","title":{"rendered":"Cicle de concerts de Nadal de l&#8217;Ajuntament de Val\u00e8ncia &#8211; Agrupaci\u00f3 Musical de Massarrojos"},"content":{"rendered":"<p>Lloc de realitzaci\u00f3: Pla\u00e7a de la Llotgeta de Massarrojos<\/p>\n","protected":false},"excerpt":{"rendered":"<p>Lloc de realitzaci\u00f3: Pla\u00e7a de la Llotgeta de Massarrojos<\/p>\n","protected":false},"author":17,"featured_media":75794,"template":"","tags":[],"mec_category":[220],"class_list":["post-75808","mec-events","type-mec-events","status-publish","has-post-thumbnail","hentry","mec_category-concerts"],"_links":{"self":[{"href":"https:\/\/fsmcv.org\/vl\/wp-json\/wp\/v2\/mec-events\/75808","targetHints":{"allow":["GET"]}}],"collection":[{"href":"https:\/\/fsmcv.org\/vl\/wp-json\/wp\/v2\/mec-events"}],"about":[{"href":"https:\/\/fsmcv.org\/vl\/wp-json\/wp\/v2\/types\/mec-events"}],"author":[{"embeddable":true,"href":"https:\/\/fsmcv.org\/vl\/wp-json\/wp\/v2\/users\/17"}],"wp:featuredmedia":[{"embeddable":true,"href":"https:\/\/fsmcv.org\/vl\/wp-json\/wp\/v2\/media\/75794"}],"wp:attachment":[{"href":"https:\/\/fsmcv.org\/vl\/wp-json\/wp\/v2\/media?parent=75808"}],"wp:term":[{"taxonomy":"post_tag","embeddable":true,"href":"https:\/\/fsmcv.org\/vl\/wp-json\/wp\/v2\/tags?post=75808"},{"taxonomy":"mec_category","embeddable":true,"href":"https:\/\/fsmcv.org\/vl\/wp-json\/wp\/v2\/mec_category?post=75808"}],"curies":[{"name":"wp","href":"https:\/\/api.w.org\/{rel}","templated":true}]}}

Cicle de concerts de Nadal de l&#8217;Ajuntament de València &#8211; Agrupació Musical de Massarrojos

<p>Lloc de realització: Plaça de la Llotgeta de Massarrojos</p>
