{"id":75809,"date":"2024-12-12T10:57:39","date_gmt":"2024-12-12T09:57:39","guid":{"rendered":"https:\/\/fsmcv.org\/agenda\/cicle-de-concerts-de-nadal-de-lajuntament-de-valencia-societat-musical-la-unio-de-tres-forques\/"},"modified":"2024-12-12T10:57:39","modified_gmt":"2024-12-12T09:57:39","slug":"cicle-de-concerts-de-nadal-de-lajuntament-de-valencia-societat-musical-la-unio-de-tres-forques","status":"publish","type":"mec-events","link":"https:\/\/fsmcv.org\/vl\/agenda\/cicle-de-concerts-de-nadal-de-lajuntament-de-valencia-societat-musical-la-unio-de-tres-forques\/","title":{"rendered":"Cicle de concerts de Nadal de l&#8217;Ajuntament de Val\u00e8ncia &#8211; Societat Musical La Uni\u00f3 de Tres Forques"},"content":{"rendered":"<p>Lloc de realitzaci\u00f3: Parc de la Pla\u00e7a Roma<\/p>\n","protected":false},"excerpt":{"rendered":"<p>Lloc de realitzaci\u00f3: Parc de la Pla\u00e7a Roma<\/p>\n","protected":false},"author":17,"featured_media":75794,"template":"","tags":[],"mec_category":[220],"class_list":["post-75809","mec-events","type-mec-events","status-publish","has-post-thumbnail","hentry","mec_category-concerts"],"_links":{"self":[{"href":"https:\/\/fsmcv.org\/vl\/wp-json\/wp\/v2\/mec-events\/75809","targetHints":{"allow":["GET"]}}],"collection":[{"href":"https:\/\/fsmcv.org\/vl\/wp-json\/wp\/v2\/mec-events"}],"about":[{"href":"https:\/\/fsmcv.org\/vl\/wp-json\/wp\/v2\/types\/mec-events"}],"author":[{"embeddable":true,"href":"https:\/\/fsmcv.org\/vl\/wp-json\/wp\/v2\/users\/17"}],"wp:featuredmedia":[{"embeddable":true,"href":"https:\/\/fsmcv.org\/vl\/wp-json\/wp\/v2\/media\/75794"}],"wp:attachment":[{"href":"https:\/\/fsmcv.org\/vl\/wp-json\/wp\/v2\/media?parent=75809"}],"wp:term":[{"taxonomy":"post_tag","embeddable":true,"href":"https:\/\/fsmcv.org\/vl\/wp-json\/wp\/v2\/tags?post=75809"},{"taxonomy":"mec_category","embeddable":true,"href":"https:\/\/fsmcv.org\/vl\/wp-json\/wp\/v2\/mec_category?post=75809"}],"curies":[{"name":"wp","href":"https:\/\/api.w.org\/{rel}","templated":true}]}}

Cicle de concerts de Nadal de l&#8217;Ajuntament de València &#8211; Societat Musical La Unió de Tres Forques

<p>Lloc de realització: Parc de la Plaça Roma</p>
