{"id":75829,"date":"2024-12-12T12:12:48","date_gmt":"2024-12-12T11:12:48","guid":{"rendered":"https:\/\/fsmcv.org\/agenda\/concert-de-nadal-banda-municipal-de-valencia\/"},"modified":"2024-12-12T12:12:48","modified_gmt":"2024-12-12T11:12:48","slug":"concert-de-nadal-banda-municipal-de-valencia","status":"publish","type":"mec-events","link":"https:\/\/fsmcv.org\/vl\/agenda\/concert-de-nadal-banda-municipal-de-valencia\/","title":{"rendered":"Concert de Nadal &#8211; Banda Municipal de Val\u00e8ncia"},"content":{"rendered":"<p>Lloc de realitzaci\u00f3: Sala Iturbi, Palau de la M\u00fasica, Val\u00e8ncia.<\/p>\n","protected":false},"excerpt":{"rendered":"<p>Lloc de realitzaci\u00f3: Sala Iturbi, Palau de la M\u00fasica, Val\u00e8ncia.<\/p>\n","protected":false},"author":17,"featured_media":75288,"template":"","tags":[],"mec_category":[220],"class_list":["post-75829","mec-events","type-mec-events","status-publish","has-post-thumbnail","hentry","mec_category-concerts"],"_links":{"self":[{"href":"https:\/\/fsmcv.org\/vl\/wp-json\/wp\/v2\/mec-events\/75829","targetHints":{"allow":["GET"]}}],"collection":[{"href":"https:\/\/fsmcv.org\/vl\/wp-json\/wp\/v2\/mec-events"}],"about":[{"href":"https:\/\/fsmcv.org\/vl\/wp-json\/wp\/v2\/types\/mec-events"}],"author":[{"embeddable":true,"href":"https:\/\/fsmcv.org\/vl\/wp-json\/wp\/v2\/users\/17"}],"wp:featuredmedia":[{"embeddable":true,"href":"https:\/\/fsmcv.org\/vl\/wp-json\/wp\/v2\/media\/75288"}],"wp:attachment":[{"href":"https:\/\/fsmcv.org\/vl\/wp-json\/wp\/v2\/media?parent=75829"}],"wp:term":[{"taxonomy":"post_tag","embeddable":true,"href":"https:\/\/fsmcv.org\/vl\/wp-json\/wp\/v2\/tags?post=75829"},{"taxonomy":"mec_category","embeddable":true,"href":"https:\/\/fsmcv.org\/vl\/wp-json\/wp\/v2\/mec_category?post=75829"}],"curies":[{"name":"wp","href":"https:\/\/api.w.org\/{rel}","templated":true}]}}

Concert de Nadal &#8211; Banda Municipal de València

<p>Lloc de realització: Sala Iturbi, Palau de la Música, València.</p>
