{"id":76322,"date":"2025-01-16T12:26:18","date_gmt":"2025-01-16T11:26:18","guid":{"rendered":"https:\/\/fsmcv.org\/agenda\/2n-edicio-gal%c2%b7la-de-la-musica-de-lhorta-nord\/"},"modified":"2025-01-20T11:13:48","modified_gmt":"2025-01-20T10:13:48","slug":"2na-edicio-gala-de-la-musica-de-lhorta-nord","status":"publish","type":"mec-events","link":"https:\/\/fsmcv.org\/vl\/agenda\/2na-edicio-gala-de-la-musica-de-lhorta-nord\/","title":{"rendered":"2na Edici\u00f3 Gala de la M\u00fasica de L&#8217;Horta Nord"},"content":{"rendered":"<p>Lloc de realitzaci\u00f3: Paranimf Universitat CEU Cardenal Herrera, Alfara del Patriarca.<\/p>\n","protected":false},"excerpt":{"rendered":"<p>Lloc de realitzaci\u00f3: Paranimf Universitat CEU Cardenal Herrera, Alfara del Patriarca.<\/p>\n","protected":false},"author":17,"featured_media":76289,"template":"","tags":[],"mec_category":[],"class_list":["post-76322","mec-events","type-mec-events","status-publish","has-post-thumbnail","hentry"],"_links":{"self":[{"href":"https:\/\/fsmcv.org\/vl\/wp-json\/wp\/v2\/mec-events\/76322","targetHints":{"allow":["GET"]}}],"collection":[{"href":"https:\/\/fsmcv.org\/vl\/wp-json\/wp\/v2\/mec-events"}],"about":[{"href":"https:\/\/fsmcv.org\/vl\/wp-json\/wp\/v2\/types\/mec-events"}],"author":[{"embeddable":true,"href":"https:\/\/fsmcv.org\/vl\/wp-json\/wp\/v2\/users\/17"}],"wp:featuredmedia":[{"embeddable":true,"href":"https:\/\/fsmcv.org\/vl\/wp-json\/wp\/v2\/media\/76289"}],"wp:attachment":[{"href":"https:\/\/fsmcv.org\/vl\/wp-json\/wp\/v2\/media?parent=76322"}],"wp:term":[{"taxonomy":"post_tag","embeddable":true,"href":"https:\/\/fsmcv.org\/vl\/wp-json\/wp\/v2\/tags?post=76322"},{"taxonomy":"mec_category","embeddable":true,"href":"https:\/\/fsmcv.org\/vl\/wp-json\/wp\/v2\/mec_category?post=76322"}],"curies":[{"name":"wp","href":"https:\/\/api.w.org\/{rel}","templated":true}]}}

2na Edició Gala de la Música de L&#8217;Horta Nord

<p>Lloc de realització: Paranimf Universitat CEU Cardenal Herrera, Alfara del Patriarca.</p>
