{"id":76330,"date":"2025-01-16T12:44:08","date_gmt":"2025-01-16T11:44:08","guid":{"rendered":"https:\/\/fsmcv.org\/agenda\/xx-aniversari-de-cusva-coral-universitaria-senior-de-valencia\/"},"modified":"2025-01-16T12:44:08","modified_gmt":"2025-01-16T11:44:08","slug":"xx-aniversari-de-cusva-coral-universitaria-senior-de-valencia","status":"publish","type":"mec-events","link":"https:\/\/fsmcv.org\/vl\/agenda\/xx-aniversari-de-cusva-coral-universitaria-senior-de-valencia\/","title":{"rendered":"XX Aniversari de CUSVA &#8211; Coral Universit\u00e0ria S\u00e8nior de Val\u00e8ncia"},"content":{"rendered":"<p>Lloc de realitzaci\u00f3: Auditori Alfons Roig Facultat de Belles Arts, Val\u00e8ncia<\/p>\n","protected":false},"excerpt":{"rendered":"<p>Lloc de realitzaci\u00f3: Auditori Alfons Roig Facultat de Belles Arts, Val\u00e8ncia<\/p>\n","protected":false},"author":17,"featured_media":76325,"template":"","tags":[],"mec_category":[],"class_list":["post-76330","mec-events","type-mec-events","status-publish","has-post-thumbnail","hentry"],"_links":{"self":[{"href":"https:\/\/fsmcv.org\/vl\/wp-json\/wp\/v2\/mec-events\/76330","targetHints":{"allow":["GET"]}}],"collection":[{"href":"https:\/\/fsmcv.org\/vl\/wp-json\/wp\/v2\/mec-events"}],"about":[{"href":"https:\/\/fsmcv.org\/vl\/wp-json\/wp\/v2\/types\/mec-events"}],"author":[{"embeddable":true,"href":"https:\/\/fsmcv.org\/vl\/wp-json\/wp\/v2\/users\/17"}],"wp:featuredmedia":[{"embeddable":true,"href":"https:\/\/fsmcv.org\/vl\/wp-json\/wp\/v2\/media\/76325"}],"wp:attachment":[{"href":"https:\/\/fsmcv.org\/vl\/wp-json\/wp\/v2\/media?parent=76330"}],"wp:term":[{"taxonomy":"post_tag","embeddable":true,"href":"https:\/\/fsmcv.org\/vl\/wp-json\/wp\/v2\/tags?post=76330"},{"taxonomy":"mec_category","embeddable":true,"href":"https:\/\/fsmcv.org\/vl\/wp-json\/wp\/v2\/mec_category?post=76330"}],"curies":[{"name":"wp","href":"https:\/\/api.w.org\/{rel}","templated":true}]}}

XX Aniversari de CUSVA &#8211; Coral Universitària Sènior de València

<p>Lloc de realització: Auditori Alfons Roig Facultat de Belles Arts, València</p>
