{"id":76348,"date":"2025-01-16T13:11:14","date_gmt":"2025-01-16T12:11:14","guid":{"rendered":"https:\/\/fsmcv.org\/agenda\/presentacio-centenari-unio-musical-dagres\/"},"modified":"2025-01-16T13:11:14","modified_gmt":"2025-01-16T12:11:14","slug":"presentacio-centenari-unio-musical-dagres","status":"publish","type":"mec-events","link":"https:\/\/fsmcv.org\/vl\/agenda\/presentacio-centenari-unio-musical-dagres\/","title":{"rendered":"Presentaci\u00f3 centenari Uni\u00f3 Musical d&#8217;Agres"},"content":{"rendered":"<p>Lloc de realitzaci\u00f3: Centre Cultural d&#8217;Agres<\/p>\n","protected":false},"excerpt":{"rendered":"<p>Lloc de realitzaci\u00f3: Centre Cultural d&#8217;Agres<\/p>\n","protected":false},"author":17,"featured_media":76517,"template":"","tags":[],"mec_category":[220],"class_list":["post-76348","mec-events","type-mec-events","status-publish","has-post-thumbnail","hentry","mec_category-concerts"],"_links":{"self":[{"href":"https:\/\/fsmcv.org\/vl\/wp-json\/wp\/v2\/mec-events\/76348","targetHints":{"allow":["GET"]}}],"collection":[{"href":"https:\/\/fsmcv.org\/vl\/wp-json\/wp\/v2\/mec-events"}],"about":[{"href":"https:\/\/fsmcv.org\/vl\/wp-json\/wp\/v2\/types\/mec-events"}],"author":[{"embeddable":true,"href":"https:\/\/fsmcv.org\/vl\/wp-json\/wp\/v2\/users\/17"}],"wp:featuredmedia":[{"embeddable":true,"href":"https:\/\/fsmcv.org\/vl\/wp-json\/wp\/v2\/media\/76517"}],"wp:attachment":[{"href":"https:\/\/fsmcv.org\/vl\/wp-json\/wp\/v2\/media?parent=76348"}],"wp:term":[{"taxonomy":"post_tag","embeddable":true,"href":"https:\/\/fsmcv.org\/vl\/wp-json\/wp\/v2\/tags?post=76348"},{"taxonomy":"mec_category","embeddable":true,"href":"https:\/\/fsmcv.org\/vl\/wp-json\/wp\/v2\/mec_category?post=76348"}],"curies":[{"name":"wp","href":"https:\/\/api.w.org\/{rel}","templated":true}]}}

Presentació centenari Unió Musical d&#8217;Agres

<p>Lloc de realització: Centre Cultural d&#8217;Agres</p>
