{"id":76524,"date":"2025-01-29T17:42:05","date_gmt":"2025-01-29T16:42:05","guid":{"rendered":"https:\/\/fsmcv.org\/agenda\/concert-el-secret-del-vent-blau-banda-simfonica-municipal-de-valencia\/"},"modified":"2025-01-31T10:42:53","modified_gmt":"2025-01-31T09:42:53","slug":"concert-el-secret-del-vent-blau-banda-simfonica-municipal-de-valencia","status":"publish","type":"mec-events","link":"https:\/\/fsmcv.org\/vl\/agenda\/concert-el-secret-del-vent-blau-banda-simfonica-municipal-de-valencia\/","title":{"rendered":"Concert en fam\u00edlia: El secret del vent blau &#8211; Banda Simf\u00f2nica Municipal de Val\u00e8ncia"},"content":{"rendered":"<p>Lloc de realitzaci\u00f3: Sala Iturbi, Palau de la M\u00fasica, Val\u00e8ncia.<\/p>\n<p><strong>Entrada gratu\u00efta (localitats limitades)<\/strong><\/p>\n<p>Adjuntem programa:<\/p>\n<p><a href=\"https:\/\/fsmcv.org\/wp-content\/uploads\/2025\/01\/9-2-25-Viento-Azul-BSMV-Fulleta-CAST_VER4.pdf\">9-2-25 Viento Azul BSMV Fulleta CAST_VER4<\/a><\/p>\n<p><strong>Javier Irigoien<\/strong>, selecci\u00f3 musical <strong>Bel\u00e9n Otxotorena<\/strong>, actriu i narradora<\/p>\n<p><strong>BANDA SIMF\u00d2NICA MUNICIPAL DE VAL\u00c8NCIA<\/strong><\/p>\n<p><strong>Crist\u00f3bal Soler<\/strong>, director Jacob de Haan La Storia Jos\u00e9 Vicente Egea Poema sanf\u00e9rmico (frag.) Jos\u00e9 Alberto Pina Sendes (frag.) Arturo M\u00e1rquez Danz\u00f3n n\u00fam. 2 Rafael Mullor Danza colorista Jacob de Haan Fanfarre for Korea<\/p>\n","protected":false},"excerpt":{"rendered":"<p>Lloc de realitzaci\u00f3: Sala Iturbi, Palau de la M\u00fasica, Val\u00e8ncia. Entrada gratu\u00efta (localitats limitades) Adjuntem programa: 9-2-25 Viento Azul BSMV Fulleta CAST_VER4 Javier Irigoien, selecci\u00f3 musical Bel\u00e9n Otxotorena, actriu i narradora BANDA SIMF\u00d2NICA MUNICIPAL DE VAL\u00c8NCIA Crist\u00f3bal Soler, director Jacob de Haan La Storia Jos\u00e9 Vicente Egea Poema sanf\u00e9rmico (frag.) Jos\u00e9 Alberto Pina Sendes (frag.) [&hellip;]<\/p>\n","protected":false},"author":7,"featured_media":76527,"template":"","tags":[],"mec_category":[220],"class_list":["post-76524","mec-events","type-mec-events","status-publish","has-post-thumbnail","hentry","mec_category-concerts"],"_links":{"self":[{"href":"https:\/\/fsmcv.org\/vl\/wp-json\/wp\/v2\/mec-events\/76524","targetHints":{"allow":["GET"]}}],"collection":[{"href":"https:\/\/fsmcv.org\/vl\/wp-json\/wp\/v2\/mec-events"}],"about":[{"href":"https:\/\/fsmcv.org\/vl\/wp-json\/wp\/v2\/types\/mec-events"}],"author":[{"embeddable":true,"href":"https:\/\/fsmcv.org\/vl\/wp-json\/wp\/v2\/users\/7"}],"wp:featuredmedia":[{"embeddable":true,"href":"https:\/\/fsmcv.org\/vl\/wp-json\/wp\/v2\/media\/76527"}],"wp:attachment":[{"href":"https:\/\/fsmcv.org\/vl\/wp-json\/wp\/v2\/media?parent=76524"}],"wp:term":[{"taxonomy":"post_tag","embeddable":true,"href":"https:\/\/fsmcv.org\/vl\/wp-json\/wp\/v2\/tags?post=76524"},{"taxonomy":"mec_category","embeddable":true,"href":"https:\/\/fsmcv.org\/vl\/wp-json\/wp\/v2\/mec_category?post=76524"}],"curies":[{"name":"wp","href":"https:\/\/api.w.org\/{rel}","templated":true}]}}

Concert en família: El secret del vent blau &#8211; Banda Simfònica Municipal de València

<p>Lloc de realització: Sala Iturbi, Palau de la Música, València.</p>
<p><strong>Entrada gratuïta (localitats limitades)</strong></p>
<p>Adjuntem programa:</p>
<p><a href="https://fsmcv.org/wp-content/uploads/2025/01/9-2-25-Viento-Azul-BSMV-Fulleta-CAST_VER4.pdf">9-2-25 Viento Azul BSMV Fulleta CAST_VER4</a></p>
<p><strong>Javier Irigoien</strong>, selecció musical <strong>Belén Otxotorena</strong>, actriu i narradora</p>
<p><strong>BANDA SIMFÒNICA MUNICIPAL DE VALÈNCIA</strong></p>
<p><strong>Cristóbal Soler</strong>, director Jacob de Haan La Storia José Vicente Egea Poema sanférmico (frag.) José Alberto Pina Sendes (frag.) Arturo Márquez Danzón núm. 2 Rafael Mullor Danza colorista Jacob de Haan Fanfarre for Korea</p>

<p>Lloc de realització: Sala Iturbi, Palau de la Música, València. Entrada gratuïta (localitats limitades) Adjuntem programa: 9-2-25 Viento Azul BSMV Fulleta CAST_VER4 Javier Irigoien, selecció musical Belén Otxotorena, actriu i narradora BANDA SIMFÒNICA MUNICIPAL DE VALÈNCIA Cristóbal Soler, director Jacob de Haan La Storia José Vicente Egea Poema sanférmico (frag.) José Alberto Pina Sendes (frag.) [&hellip;]</p>
