{"id":76546,"date":"2025-01-30T12:47:49","date_gmt":"2025-01-30T11:47:49","guid":{"rendered":"https:\/\/fsmcv.org\/agenda\/concert-benefic-dana-agrupacio-musical-les-sitges-de-burjassot\/"},"modified":"2025-01-30T12:47:49","modified_gmt":"2025-01-30T11:47:49","slug":"concert-benefic-dana-agrupacio-musical-les-sitges-de-burjassot","status":"publish","type":"mec-events","link":"https:\/\/fsmcv.org\/vl\/agenda\/concert-benefic-dana-agrupacio-musical-les-sitges-de-burjassot\/","title":{"rendered":"Concert Ben\u00e8fic DANA &#8211; Agrupaci\u00f3 Musical Les Sitges de Burjassot"},"content":{"rendered":"<p>Lloc de realitzaci\u00f3: Centre Cultural T\u00edvoli, Burjassot<\/p>\n<p>&nbsp;<\/p>\n","protected":false},"excerpt":{"rendered":"<p>Lloc de realitzaci\u00f3: Centre Cultural T\u00edvoli, Burjassot &nbsp;<\/p>\n","protected":false},"author":7,"featured_media":71923,"template":"","tags":[],"mec_category":[220],"class_list":["post-76546","mec-events","type-mec-events","status-publish","has-post-thumbnail","hentry","mec_category-concerts"],"_links":{"self":[{"href":"https:\/\/fsmcv.org\/vl\/wp-json\/wp\/v2\/mec-events\/76546","targetHints":{"allow":["GET"]}}],"collection":[{"href":"https:\/\/fsmcv.org\/vl\/wp-json\/wp\/v2\/mec-events"}],"about":[{"href":"https:\/\/fsmcv.org\/vl\/wp-json\/wp\/v2\/types\/mec-events"}],"author":[{"embeddable":true,"href":"https:\/\/fsmcv.org\/vl\/wp-json\/wp\/v2\/users\/7"}],"wp:featuredmedia":[{"embeddable":true,"href":"https:\/\/fsmcv.org\/vl\/wp-json\/wp\/v2\/media\/71923"}],"wp:attachment":[{"href":"https:\/\/fsmcv.org\/vl\/wp-json\/wp\/v2\/media?parent=76546"}],"wp:term":[{"taxonomy":"post_tag","embeddable":true,"href":"https:\/\/fsmcv.org\/vl\/wp-json\/wp\/v2\/tags?post=76546"},{"taxonomy":"mec_category","embeddable":true,"href":"https:\/\/fsmcv.org\/vl\/wp-json\/wp\/v2\/mec_category?post=76546"}],"curies":[{"name":"wp","href":"https:\/\/api.w.org\/{rel}","templated":true}]}}

Concert Benèfic DANA &#8211; Agrupació Musical Les Sitges de Burjassot

<p>Lloc de realització: Centre Cultural Tívoli, Burjassot</p>
<p>&nbsp;</p>

<p>Lloc de realització: Centre Cultural Tívoli, Burjassot &nbsp;</p>
