{"id":76556,"date":"2025-01-30T12:59:32","date_gmt":"2025-01-30T11:59:32","guid":{"rendered":"https:\/\/fsmcv.org\/agenda\/concert-benefic-jove-orquestra-simfonica-fsmcv\/"},"modified":"2025-01-30T12:59:32","modified_gmt":"2025-01-30T11:59:32","slug":"concert-benefic-jove-orquestra-simfonica-fsmcv","status":"publish","type":"mec-events","link":"https:\/\/fsmcv.org\/vl\/agenda\/concert-benefic-jove-orquestra-simfonica-fsmcv\/","title":{"rendered":"Concert Ben\u00e8fic Jove Orquestra Simf\u00f2nica FSMCV"},"content":{"rendered":"<p>Lloc de realitzaci\u00f3: Palau de les Arts de Val\u00e8ncia.<\/p>\n","protected":false},"excerpt":{"rendered":"<p>Lloc de realitzaci\u00f3: Palau de les Arts de Val\u00e8ncia.<\/p>\n","protected":false},"author":7,"featured_media":76619,"template":"","tags":[],"mec_category":[220],"class_list":["post-76556","mec-events","type-mec-events","status-publish","has-post-thumbnail","hentry","mec_category-concerts"],"_links":{"self":[{"href":"https:\/\/fsmcv.org\/vl\/wp-json\/wp\/v2\/mec-events\/76556","targetHints":{"allow":["GET"]}}],"collection":[{"href":"https:\/\/fsmcv.org\/vl\/wp-json\/wp\/v2\/mec-events"}],"about":[{"href":"https:\/\/fsmcv.org\/vl\/wp-json\/wp\/v2\/types\/mec-events"}],"author":[{"embeddable":true,"href":"https:\/\/fsmcv.org\/vl\/wp-json\/wp\/v2\/users\/7"}],"wp:featuredmedia":[{"embeddable":true,"href":"https:\/\/fsmcv.org\/vl\/wp-json\/wp\/v2\/media\/76619"}],"wp:attachment":[{"href":"https:\/\/fsmcv.org\/vl\/wp-json\/wp\/v2\/media?parent=76556"}],"wp:term":[{"taxonomy":"post_tag","embeddable":true,"href":"https:\/\/fsmcv.org\/vl\/wp-json\/wp\/v2\/tags?post=76556"},{"taxonomy":"mec_category","embeddable":true,"href":"https:\/\/fsmcv.org\/vl\/wp-json\/wp\/v2\/mec_category?post=76556"}],"curies":[{"name":"wp","href":"https:\/\/api.w.org\/{rel}","templated":true}]}}

Concert Benèfic Jove Orquestra Simfònica FSMCV

<p>Lloc de realització: Palau de les Arts de València.</p>
