{"id":76599,"date":"2025-01-31T09:53:31","date_gmt":"2025-01-31T08:53:31","guid":{"rendered":"https:\/\/fsmcv.org\/agenda\/cambra-al-palau-stile-antico-el-princep-de-la-musica-palestrina-en-la-ciutat-eterna\/"},"modified":"2025-01-31T09:53:31","modified_gmt":"2025-01-31T08:53:31","slug":"cambra-al-palau-stile-antico-el-princep-de-la-musica-palestrina-en-la-ciutat-eterna","status":"publish","type":"mec-events","link":"https:\/\/fsmcv.org\/vl\/agenda\/cambra-al-palau-stile-antico-el-princep-de-la-musica-palestrina-en-la-ciutat-eterna\/","title":{"rendered":"Cambra al Palau: STILE ANTICO &#8211; EL PR\u00cdNCEP DE LA M\u00daSICA. Palestrina en la ciutat eterna"},"content":{"rendered":"<p>Lloc de realitzaci\u00f3: Sala Rodrigo, Palau de la M\u00fasica, Val\u00e8ncia.<\/p>\n<p>Abonament: 10 \u20ac Giovanni P. Palestrina Sicut cervus LA CAPILLA PAPAL Josquin Des Pr\u00e9s Salve Regina Jacques Arcadelt Pater noster Giovanni P. Palestrina Tu es Petrus LA CONTRARREFORMA Giovanni P. Palestrina Nigra sum sed Formosa Tom\u00e1s Luis de Victoria Trahe me post te Giovanni P. Palestrina Missa Papae Marcelli (Credo) Super flumina Babylonis UN TIEMPO DE AGITACI\u00d3N Giovanni P. Palestrina Peccantem me quotidie<br \/>\nGioia m&#8217;abond&#8217;al cor Surge propera amica mea ELOGIO DE LA M\u00daSICA Giovanni P. Palestrina Cantantibus organis Exultate Deo Orlande de Lassus Musica Dei donum EL RICO LEGADO DE PALESTRINA Felice Anerio Christus factus est Gregorio Allegri Christus Resurgens Cheryl Frances-Hoad Obra de encargo Giovanni P. Palestrina Laudate Dominum a 12<\/p>\n<p>&nbsp;<\/p>\n<p>Prossegu\u00efx el cicle \u00abCambra al Palau\u00bb en 2025 amb l&#8217;actuaci\u00f3 de Stile Antico, un dels conjunts vocals m\u00e9s exitosos i innovadors de l\u2019actrualitat. Este ensemble brit\u00e0nic est\u00e0 format per dotze integrants que treballen en equip sense director, amb veus perfectament empastades i unes actuacions vibrants i commovedores. El seu eix central \u00e9s la polifonia renaixentista, com este programa que est\u00e0 centrat en Palestrina i dividit en diverses etapes relacionades amb el compositor com \u00abLa Capella Papal\u00bb, \u00abLa Contrareforma\u00bb, \u00abUn temps d&#8217;agitaci\u00f3\u00bb, \u00abElogi de la M\u00fasica\u00bb i \u00abEl ric llegat de Palestrina\u00bb, en el qual cantaran tamb\u00e9 obres de coetanis com Josquin Des Pr\u00e9s, Jacques Arcadelt, Orlande de Lassus, Felice Anerio, Gregorio Allegri i Cheryl Frances-Hoad.  <\/p>\n","protected":false},"excerpt":{"rendered":"<p>Lloc de realitzaci\u00f3: Sala Rodrigo, Palau de la M\u00fasica, Val\u00e8ncia. Abonament: 10 \u20ac Giovanni P. Palestrina Sicut cervus LA CAPILLA PAPAL Josquin Des Pr\u00e9s Salve Regina Jacques Arcadelt Pater noster Giovanni P. Palestrina Tu es Petrus LA CONTRARREFORMA Giovanni P. Palestrina Nigra sum sed Formosa Tom\u00e1s Luis de Victoria Trahe me post te Giovanni P. [&hellip;]<\/p>\n","protected":false},"author":17,"featured_media":44108,"template":"","tags":[],"mec_category":[220],"class_list":["post-76599","mec-events","type-mec-events","status-publish","has-post-thumbnail","hentry","mec_category-concerts"],"_links":{"self":[{"href":"https:\/\/fsmcv.org\/vl\/wp-json\/wp\/v2\/mec-events\/76599","targetHints":{"allow":["GET"]}}],"collection":[{"href":"https:\/\/fsmcv.org\/vl\/wp-json\/wp\/v2\/mec-events"}],"about":[{"href":"https:\/\/fsmcv.org\/vl\/wp-json\/wp\/v2\/types\/mec-events"}],"author":[{"embeddable":true,"href":"https:\/\/fsmcv.org\/vl\/wp-json\/wp\/v2\/users\/17"}],"wp:featuredmedia":[{"embeddable":true,"href":"https:\/\/fsmcv.org\/vl\/wp-json\/wp\/v2\/media\/44108"}],"wp:attachment":[{"href":"https:\/\/fsmcv.org\/vl\/wp-json\/wp\/v2\/media?parent=76599"}],"wp:term":[{"taxonomy":"post_tag","embeddable":true,"href":"https:\/\/fsmcv.org\/vl\/wp-json\/wp\/v2\/tags?post=76599"},{"taxonomy":"mec_category","embeddable":true,"href":"https:\/\/fsmcv.org\/vl\/wp-json\/wp\/v2\/mec_category?post=76599"}],"curies":[{"name":"wp","href":"https:\/\/api.w.org\/{rel}","templated":true}]}}

Cambra al Palau: STILE ANTICO &#8211; EL PRÍNCEP DE LA MÚSICA. Palestrina en la ciutat eterna

<p>Lloc de realització: Sala Rodrigo, Palau de la Música, València.</p>
<p>Abonament: 10 € Giovanni P. Palestrina Sicut cervus LA CAPILLA PAPAL Josquin Des Prés Salve Regina Jacques Arcadelt Pater noster Giovanni P. Palestrina Tu es Petrus LA CONTRARREFORMA Giovanni P. Palestrina Nigra sum sed Formosa Tomás Luis de Victoria Trahe me post te Giovanni P. Palestrina Missa Papae Marcelli (Credo) Super flumina Babylonis UN TIEMPO DE AGITACIÓN Giovanni P. Palestrina Peccantem me quotidie<br />
Gioia m&#8217;abond&#8217;al cor Surge propera amica mea ELOGIO DE LA MÚSICA Giovanni P. Palestrina Cantantibus organis Exultate Deo Orlande de Lassus Musica Dei donum EL RICO LEGADO DE PALESTRINA Felice Anerio Christus factus est Gregorio Allegri Christus Resurgens Cheryl Frances-Hoad Obra de encargo Giovanni P. Palestrina Laudate Dominum a 12</p>
<p>&nbsp;</p>
<p>Prosseguïx el cicle «Cambra al Palau» en 2025 amb l&#8217;actuació de Stile Antico, un dels conjunts vocals més exitosos i innovadors de l’actrualitat. Este ensemble britànic està format per dotze integrants que treballen en equip sense director, amb veus perfectament empastades i unes actuacions vibrants i commovedores. El seu eix central és la polifonia renaixentista, com este programa que està centrat en Palestrina i dividit en diverses etapes relacionades amb el compositor com «La Capella Papal», «La Contrareforma», «Un temps d&#8217;agitació», «Elogi de la Música» i «El ric llegat de Palestrina», en el qual cantaran també obres de coetanis com Josquin Des Prés, Jacques Arcadelt, Orlande de Lassus, Felice Anerio, Gregorio Allegri i Cheryl Frances-Hoad.  </p>

<p>Lloc de realització: Sala Rodrigo, Palau de la Música, València. Abonament: 10 € Giovanni P. Palestrina Sicut cervus LA CAPILLA PAPAL Josquin Des Prés Salve Regina Jacques Arcadelt Pater noster Giovanni P. Palestrina Tu es Petrus LA CONTRARREFORMA Giovanni P. Palestrina Nigra sum sed Formosa Tomás Luis de Victoria Trahe me post te Giovanni P. [&hellip;]</p>
