{"id":76676,"date":"2025-02-06T14:24:51","date_gmt":"2025-02-06T13:24:51","guid":{"rendered":"https:\/\/fsmcv.org\/agenda\/iii-concert-miguel-monroig-bengochea-agrupacio-musical-vila-de-calig\/"},"modified":"2025-02-06T14:24:51","modified_gmt":"2025-02-06T13:24:51","slug":"iii-concert-miguel-monroig-bengochea-agrupacio-musical-vila-de-calig","status":"publish","type":"mec-events","link":"https:\/\/fsmcv.org\/vl\/agenda\/iii-concert-miguel-monroig-bengochea-agrupacio-musical-vila-de-calig\/","title":{"rendered":"III Concert Miguel Monroig Bengochea &#8211; Agrupaci\u00f3 Musical Vila de C\u00e0lig"},"content":{"rendered":"<p>Lloc de realitzaci\u00f3: Auditori del Centre Cultural de C\u00e0lig.<\/p>\n","protected":false},"excerpt":{"rendered":"<p>Lloc de realitzaci\u00f3: Auditori del Centre Cultural de C\u00e0lig.<\/p>\n","protected":false},"author":17,"featured_media":75528,"template":"","tags":[],"mec_category":[220],"class_list":["post-76676","mec-events","type-mec-events","status-publish","has-post-thumbnail","hentry","mec_category-concerts"],"_links":{"self":[{"href":"https:\/\/fsmcv.org\/vl\/wp-json\/wp\/v2\/mec-events\/76676","targetHints":{"allow":["GET"]}}],"collection":[{"href":"https:\/\/fsmcv.org\/vl\/wp-json\/wp\/v2\/mec-events"}],"about":[{"href":"https:\/\/fsmcv.org\/vl\/wp-json\/wp\/v2\/types\/mec-events"}],"author":[{"embeddable":true,"href":"https:\/\/fsmcv.org\/vl\/wp-json\/wp\/v2\/users\/17"}],"wp:featuredmedia":[{"embeddable":true,"href":"https:\/\/fsmcv.org\/vl\/wp-json\/wp\/v2\/media\/75528"}],"wp:attachment":[{"href":"https:\/\/fsmcv.org\/vl\/wp-json\/wp\/v2\/media?parent=76676"}],"wp:term":[{"taxonomy":"post_tag","embeddable":true,"href":"https:\/\/fsmcv.org\/vl\/wp-json\/wp\/v2\/tags?post=76676"},{"taxonomy":"mec_category","embeddable":true,"href":"https:\/\/fsmcv.org\/vl\/wp-json\/wp\/v2\/mec_category?post=76676"}],"curies":[{"name":"wp","href":"https:\/\/api.w.org\/{rel}","templated":true}]}}

III Concert Miguel Monroig Bengochea &#8211; Agrupació Musical Vila de Càlig

<p>Lloc de realització: Auditori del Centre Cultural de Càlig.</p>
