{"id":77007,"date":"2025-02-20T13:18:35","date_gmt":"2025-02-20T12:18:35","guid":{"rendered":"https:\/\/fsmcv.org\/agenda\/trobada-bandes-de-musica-plana-baixa\/"},"modified":"2025-04-24T09:41:15","modified_gmt":"2025-04-24T07:41:15","slug":"trobada-bandes-de-musica-plana-baixa","status":"publish","type":"mec-events","link":"https:\/\/fsmcv.org\/vl\/agenda\/trobada-bandes-de-musica-plana-baixa\/","title":{"rendered":"Trobada Bandes de M\u00fasica Plana Baixa"},"content":{"rendered":"<p>Lloc de realitzaci\u00f3: Ajuntament de Xilxes (recepci\u00f3 autoritats).<\/p>\n","protected":false},"excerpt":{"rendered":"<p>Lloc de realitzaci\u00f3: Ajuntament de Xilxes (recepci\u00f3 autoritats).<\/p>\n","protected":false},"author":17,"featured_media":78231,"template":"","tags":[],"mec_category":[581],"class_list":["post-77007","mec-events","type-mec-events","status-publish","has-post-thumbnail","hentry","mec_category-trobades-de-castello-vl"],"_links":{"self":[{"href":"https:\/\/fsmcv.org\/vl\/wp-json\/wp\/v2\/mec-events\/77007","targetHints":{"allow":["GET"]}}],"collection":[{"href":"https:\/\/fsmcv.org\/vl\/wp-json\/wp\/v2\/mec-events"}],"about":[{"href":"https:\/\/fsmcv.org\/vl\/wp-json\/wp\/v2\/types\/mec-events"}],"author":[{"embeddable":true,"href":"https:\/\/fsmcv.org\/vl\/wp-json\/wp\/v2\/users\/17"}],"wp:featuredmedia":[{"embeddable":true,"href":"https:\/\/fsmcv.org\/vl\/wp-json\/wp\/v2\/media\/78231"}],"wp:attachment":[{"href":"https:\/\/fsmcv.org\/vl\/wp-json\/wp\/v2\/media?parent=77007"}],"wp:term":[{"taxonomy":"post_tag","embeddable":true,"href":"https:\/\/fsmcv.org\/vl\/wp-json\/wp\/v2\/tags?post=77007"},{"taxonomy":"mec_category","embeddable":true,"href":"https:\/\/fsmcv.org\/vl\/wp-json\/wp\/v2\/mec_category?post=77007"}],"curies":[{"name":"wp","href":"https:\/\/api.w.org\/{rel}","templated":true}]}}

Trobada Bandes de Música Plana Baixa

<p>Lloc de realització: Ajuntament de Xilxes (recepció autoritats).</p>
