{"id":77113,"date":"2025-02-27T12:16:37","date_gmt":"2025-02-27T11:16:37","guid":{"rendered":"https:\/\/fsmcv.org\/agenda\/acte-homenatge-a-compositores-valencianes-conservatori-superior-de-musica-de-valencia\/"},"modified":"2025-02-27T12:16:37","modified_gmt":"2025-02-27T11:16:37","slug":"acte-homenatge-a-compositores-valencianes-conservatori-superior-de-musica-de-valencia","status":"publish","type":"mec-events","link":"https:\/\/fsmcv.org\/vl\/agenda\/acte-homenatge-a-compositores-valencianes-conservatori-superior-de-musica-de-valencia\/","title":{"rendered":"Acte homenatge a compositores valencianes &#8211; Conservatori Superior de M\u00fasica de Val\u00e8ncia"},"content":{"rendered":"<p>Lloc de realitzaci\u00f3: Auditori del CSMV, Val\u00e8ncia.<\/p>\n","protected":false},"excerpt":{"rendered":"<p>Lloc de realitzaci\u00f3: Auditori del CSMV, Val\u00e8ncia.<\/p>\n","protected":false},"author":17,"featured_media":0,"template":"","tags":[],"mec_category":[],"class_list":["post-77113","mec-events","type-mec-events","status-publish","hentry"],"_links":{"self":[{"href":"https:\/\/fsmcv.org\/vl\/wp-json\/wp\/v2\/mec-events\/77113","targetHints":{"allow":["GET"]}}],"collection":[{"href":"https:\/\/fsmcv.org\/vl\/wp-json\/wp\/v2\/mec-events"}],"about":[{"href":"https:\/\/fsmcv.org\/vl\/wp-json\/wp\/v2\/types\/mec-events"}],"author":[{"embeddable":true,"href":"https:\/\/fsmcv.org\/vl\/wp-json\/wp\/v2\/users\/17"}],"wp:attachment":[{"href":"https:\/\/fsmcv.org\/vl\/wp-json\/wp\/v2\/media?parent=77113"}],"wp:term":[{"taxonomy":"post_tag","embeddable":true,"href":"https:\/\/fsmcv.org\/vl\/wp-json\/wp\/v2\/tags?post=77113"},{"taxonomy":"mec_category","embeddable":true,"href":"https:\/\/fsmcv.org\/vl\/wp-json\/wp\/v2\/mec_category?post=77113"}],"curies":[{"name":"wp","href":"https:\/\/api.w.org\/{rel}","templated":true}]}}

Acte homenatge a compositores valencianes &#8211; Conservatori Superior de Música de València

<p>Lloc de realització: Auditori del CSMV, València.</p>
