{"id":77250,"date":"2025-03-11T10:21:31","date_gmt":"2025-03-11T09:21:31","guid":{"rendered":"https:\/\/fsmcv.org\/agenda\/concert-temporada-2024-2025\/"},"modified":"2025-03-11T10:28:47","modified_gmt":"2025-03-11T09:28:47","slug":"concert-temporada-2024-2025","status":"publish","type":"mec-events","link":"https:\/\/fsmcv.org\/vl\/agenda\/concert-temporada-2024-2025\/","title":{"rendered":"Concert Temporada 2024 &#8211; 2025"},"content":{"rendered":"<p>Lloc de realitzaci\u00f3: Sala Iturbi, Palau de la M\u00fasica de Val\u00e8ncia.<\/p>\n<p>Adjuntem programa:<\/p>\n<p><a href=\"https:\/\/fsmcv.org\/wp-content\/uploads\/2025\/03\/14-3-25-BSMV-VAL_VER2.pdf\">14-3-25 BSMV VAL_VER2<\/a><\/p>\n","protected":false},"excerpt":{"rendered":"<p>Lloc de realitzaci\u00f3: Sala Iturbi, Palau de la M\u00fasica de Val\u00e8ncia. Adjuntem programa: 14-3-25 BSMV VAL_VER2<\/p>\n","protected":false},"author":17,"featured_media":77251,"template":"","tags":[],"mec_category":[220],"class_list":["post-77250","mec-events","type-mec-events","status-publish","has-post-thumbnail","hentry","mec_category-concerts"],"_links":{"self":[{"href":"https:\/\/fsmcv.org\/vl\/wp-json\/wp\/v2\/mec-events\/77250","targetHints":{"allow":["GET"]}}],"collection":[{"href":"https:\/\/fsmcv.org\/vl\/wp-json\/wp\/v2\/mec-events"}],"about":[{"href":"https:\/\/fsmcv.org\/vl\/wp-json\/wp\/v2\/types\/mec-events"}],"author":[{"embeddable":true,"href":"https:\/\/fsmcv.org\/vl\/wp-json\/wp\/v2\/users\/17"}],"wp:featuredmedia":[{"embeddable":true,"href":"https:\/\/fsmcv.org\/vl\/wp-json\/wp\/v2\/media\/77251"}],"wp:attachment":[{"href":"https:\/\/fsmcv.org\/vl\/wp-json\/wp\/v2\/media?parent=77250"}],"wp:term":[{"taxonomy":"post_tag","embeddable":true,"href":"https:\/\/fsmcv.org\/vl\/wp-json\/wp\/v2\/tags?post=77250"},{"taxonomy":"mec_category","embeddable":true,"href":"https:\/\/fsmcv.org\/vl\/wp-json\/wp\/v2\/mec_category?post=77250"}],"curies":[{"name":"wp","href":"https:\/\/api.w.org\/{rel}","templated":true}]}}

<p>Lloc de realització: Sala Iturbi, Palau de la Música de València.</p>
<p>Adjuntem programa:</p>
<p><a href="https://fsmcv.org/wp-content/uploads/2025/03/14-3-25-BSMV-VAL_VER2.pdf">14-3-25 BSMV VAL_VER2</a></p>

<p>Lloc de realització: Sala Iturbi, Palau de la Música de València. Adjuntem programa: 14-3-25 BSMV VAL_VER2</p>
