{"id":77379,"date":"2025-03-13T12:13:44","date_gmt":"2025-03-13T11:13:44","guid":{"rendered":"https:\/\/fsmcv.org\/agenda\/concert-extraordinari-per-celebrar-la-unio-entre-la-musica-i-la-festa\/"},"modified":"2025-03-13T12:13:44","modified_gmt":"2025-03-13T11:13:44","slug":"concert-extraordinari-per-celebrar-la-unio-entre-la-musica-i-la-festa","status":"publish","type":"mec-events","link":"https:\/\/fsmcv.org\/vl\/agenda\/concert-extraordinari-per-celebrar-la-unio-entre-la-musica-i-la-festa\/","title":{"rendered":"Concert Extraordinari per celebrar la uni\u00f3 entre la M\u00fasica i la Festa"},"content":{"rendered":"<p>Organitzat per l&#8217;Associaci\u00f3 Cultural Falla Jer\u00f2nima Gal\u00e9s Lit\u00f2grafo Pascual i Abad de Val\u00e8ncia.<\/p>\n<p>Lloc de realitzaci\u00f3: Carrer M\u00fasic Penella, Val\u00e8ncia.<\/p>\n","protected":false},"excerpt":{"rendered":"<p>Organitzat per l&#8217;Associaci\u00f3 Cultural Falla Jer\u00f2nima Gal\u00e9s Lit\u00f2grafo Pascual i Abad de Val\u00e8ncia. Lloc de realitzaci\u00f3: Carrer M\u00fasic Penella, Val\u00e8ncia.<\/p>\n","protected":false},"author":17,"featured_media":77377,"template":"","tags":[],"mec_category":[220],"class_list":["post-77379","mec-events","type-mec-events","status-publish","has-post-thumbnail","hentry","mec_category-concerts"],"_links":{"self":[{"href":"https:\/\/fsmcv.org\/vl\/wp-json\/wp\/v2\/mec-events\/77379","targetHints":{"allow":["GET"]}}],"collection":[{"href":"https:\/\/fsmcv.org\/vl\/wp-json\/wp\/v2\/mec-events"}],"about":[{"href":"https:\/\/fsmcv.org\/vl\/wp-json\/wp\/v2\/types\/mec-events"}],"author":[{"embeddable":true,"href":"https:\/\/fsmcv.org\/vl\/wp-json\/wp\/v2\/users\/17"}],"wp:featuredmedia":[{"embeddable":true,"href":"https:\/\/fsmcv.org\/vl\/wp-json\/wp\/v2\/media\/77377"}],"wp:attachment":[{"href":"https:\/\/fsmcv.org\/vl\/wp-json\/wp\/v2\/media?parent=77379"}],"wp:term":[{"taxonomy":"post_tag","embeddable":true,"href":"https:\/\/fsmcv.org\/vl\/wp-json\/wp\/v2\/tags?post=77379"},{"taxonomy":"mec_category","embeddable":true,"href":"https:\/\/fsmcv.org\/vl\/wp-json\/wp\/v2\/mec_category?post=77379"}],"curies":[{"name":"wp","href":"https:\/\/api.w.org\/{rel}","templated":true}]}}

Concert Extraordinari per celebrar la unió entre la Música i la Festa

<p>Organitzat per l&#8217;Associació Cultural Falla Jerònima Galés Litògrafo Pascual i Abad de València.</p>
<p>Lloc de realització: Carrer Músic Penella, València.</p>

<p>Organitzat per l&#8217;Associació Cultural Falla Jerònima Galés Litògrafo Pascual i Abad de València. Lloc de realització: Carrer Músic Penella, València.</p>
