{"id":77386,"date":"2025-03-13T12:24:57","date_gmt":"2025-03-13T11:24:57","guid":{"rendered":"https:\/\/fsmcv.org\/agenda\/concert-intercanvi-amb-artista-especial-i-agraiment-a-la-fsmcv-per-la-seua-ajuda-dana-banda-simfonica-daldaia\/"},"modified":"2025-03-13T12:24:57","modified_gmt":"2025-03-13T11:24:57","slug":"concert-intercanvi-amb-artista-especial-i-agraiment-a-la-fsmcv-per-la-seua-ajuda-dana-banda-simfonica-daldaia","status":"publish","type":"mec-events","link":"https:\/\/fsmcv.org\/vl\/agenda\/concert-intercanvi-amb-artista-especial-i-agraiment-a-la-fsmcv-per-la-seua-ajuda-dana-banda-simfonica-daldaia\/","title":{"rendered":"Concert Intercanvi amb artista especial i agra\u00efment a la FSMCV per la seua ajuda (DANA) &#8211; Banda Simf\u00f2nica d&#8217;Aldaia"},"content":{"rendered":"<p>Lloc de realitzaci\u00f3: TAMA, Aldaia.<\/p>\n","protected":false},"excerpt":{"rendered":"<p>Lloc de realitzaci\u00f3: TAMA, Aldaia.<\/p>\n","protected":false},"author":17,"featured_media":77384,"template":"","tags":[],"mec_category":[220],"class_list":["post-77386","mec-events","type-mec-events","status-publish","has-post-thumbnail","hentry","mec_category-concerts"],"_links":{"self":[{"href":"https:\/\/fsmcv.org\/vl\/wp-json\/wp\/v2\/mec-events\/77386","targetHints":{"allow":["GET"]}}],"collection":[{"href":"https:\/\/fsmcv.org\/vl\/wp-json\/wp\/v2\/mec-events"}],"about":[{"href":"https:\/\/fsmcv.org\/vl\/wp-json\/wp\/v2\/types\/mec-events"}],"author":[{"embeddable":true,"href":"https:\/\/fsmcv.org\/vl\/wp-json\/wp\/v2\/users\/17"}],"wp:featuredmedia":[{"embeddable":true,"href":"https:\/\/fsmcv.org\/vl\/wp-json\/wp\/v2\/media\/77384"}],"wp:attachment":[{"href":"https:\/\/fsmcv.org\/vl\/wp-json\/wp\/v2\/media?parent=77386"}],"wp:term":[{"taxonomy":"post_tag","embeddable":true,"href":"https:\/\/fsmcv.org\/vl\/wp-json\/wp\/v2\/tags?post=77386"},{"taxonomy":"mec_category","embeddable":true,"href":"https:\/\/fsmcv.org\/vl\/wp-json\/wp\/v2\/mec_category?post=77386"}],"curies":[{"name":"wp","href":"https:\/\/api.w.org\/{rel}","templated":true}]}}

Concert Intercanvi amb artista especial i agraïment a la FSMCV per la seua ajuda (DANA) &#8211; Banda Simfònica d&#8217;Aldaia

<p>Lloc de realització: TAMA, Aldaia.</p>
