{"id":77392,"date":"2025-03-13T12:43:30","date_gmt":"2025-03-13T11:43:30","guid":{"rendered":"https:\/\/fsmcv.org\/agenda\/49-certamen-internacional-de-musica-vila-altea-societat-filharmonica-alteanense-daltea\/"},"modified":"2025-10-23T12:22:30","modified_gmt":"2025-10-23T10:22:30","slug":"49-certamen-internacional-de-musica-vila-altea-societat-filharmonica-alteanense-daltea","status":"publish","type":"mec-events","link":"https:\/\/fsmcv.org\/vl\/agenda\/49-certamen-internacional-de-musica-vila-altea-societat-filharmonica-alteanense-daltea\/","title":{"rendered":"50 Certamen Internacional de M\u00fasica Vila Altea &#8211; Societat Filharm\u00f2nica Alteanense d&#8217;Altea"},"content":{"rendered":"<p>Lloc de realitzaci\u00f3: Palau Altea Centre d&#8217;Arts, Altea<\/p>\n","protected":false},"excerpt":{"rendered":"<p>Lloc de realitzaci\u00f3: Palau Altea Centre d&#8217;Arts, Altea<\/p>\n","protected":false},"author":17,"featured_media":62034,"template":"","tags":[],"mec_category":[632],"class_list":["post-77392","mec-events","type-mec-events","status-publish","has-post-thumbnail","hentry","mec_category-certamens"],"_links":{"self":[{"href":"https:\/\/fsmcv.org\/vl\/wp-json\/wp\/v2\/mec-events\/77392","targetHints":{"allow":["GET"]}}],"collection":[{"href":"https:\/\/fsmcv.org\/vl\/wp-json\/wp\/v2\/mec-events"}],"about":[{"href":"https:\/\/fsmcv.org\/vl\/wp-json\/wp\/v2\/types\/mec-events"}],"author":[{"embeddable":true,"href":"https:\/\/fsmcv.org\/vl\/wp-json\/wp\/v2\/users\/17"}],"wp:featuredmedia":[{"embeddable":true,"href":"https:\/\/fsmcv.org\/vl\/wp-json\/wp\/v2\/media\/62034"}],"wp:attachment":[{"href":"https:\/\/fsmcv.org\/vl\/wp-json\/wp\/v2\/media?parent=77392"}],"wp:term":[{"taxonomy":"post_tag","embeddable":true,"href":"https:\/\/fsmcv.org\/vl\/wp-json\/wp\/v2\/tags?post=77392"},{"taxonomy":"mec_category","embeddable":true,"href":"https:\/\/fsmcv.org\/vl\/wp-json\/wp\/v2\/mec_category?post=77392"}],"curies":[{"name":"wp","href":"https:\/\/api.w.org\/{rel}","templated":true}]}}

50 Certamen Internacional de Música Vila Altea &#8211; Societat Filharmònica Alteanense d&#8217;Altea

<p>Lloc de realització: Palau Altea Centre d&#8217;Arts, Altea</p>
