{"id":77442,"date":"2025-03-21T10:33:28","date_gmt":"2025-03-21T09:33:28","guid":{"rendered":"https:\/\/fsmcv.org\/agenda\/festival-musica-i-familia\/"},"modified":"2025-03-21T10:33:28","modified_gmt":"2025-03-21T09:33:28","slug":"festival-musica-i-familia","status":"publish","type":"mec-events","link":"https:\/\/fsmcv.org\/vl\/agenda\/festival-musica-i-familia\/","title":{"rendered":"Festival M\u00fasica i Fam\u00edlia"},"content":{"rendered":"<p>Lloc de realitzaci\u00f3: Palau Comtal de Cocentaina<\/p>\n","protected":false},"excerpt":{"rendered":"<p>Lloc de realitzaci\u00f3: Palau Comtal de Cocentaina<\/p>\n","protected":false},"author":17,"featured_media":77433,"template":"","tags":[],"mec_category":[223],"class_list":["post-77442","mec-events","type-mec-events","status-publish","has-post-thumbnail","hentry","mec_category-festivals"],"_links":{"self":[{"href":"https:\/\/fsmcv.org\/vl\/wp-json\/wp\/v2\/mec-events\/77442","targetHints":{"allow":["GET"]}}],"collection":[{"href":"https:\/\/fsmcv.org\/vl\/wp-json\/wp\/v2\/mec-events"}],"about":[{"href":"https:\/\/fsmcv.org\/vl\/wp-json\/wp\/v2\/types\/mec-events"}],"author":[{"embeddable":true,"href":"https:\/\/fsmcv.org\/vl\/wp-json\/wp\/v2\/users\/17"}],"wp:featuredmedia":[{"embeddable":true,"href":"https:\/\/fsmcv.org\/vl\/wp-json\/wp\/v2\/media\/77433"}],"wp:attachment":[{"href":"https:\/\/fsmcv.org\/vl\/wp-json\/wp\/v2\/media?parent=77442"}],"wp:term":[{"taxonomy":"post_tag","embeddable":true,"href":"https:\/\/fsmcv.org\/vl\/wp-json\/wp\/v2\/tags?post=77442"},{"taxonomy":"mec_category","embeddable":true,"href":"https:\/\/fsmcv.org\/vl\/wp-json\/wp\/v2\/mec_category?post=77442"}],"curies":[{"name":"wp","href":"https:\/\/api.w.org\/{rel}","templated":true}]}}

Festival Música i Família

<p>Lloc de realització: Palau Comtal de Cocentaina</p>
