{"id":77610,"date":"2025-03-27T11:09:47","date_gmt":"2025-03-27T10:09:47","guid":{"rendered":"https:\/\/fsmcv.org\/agenda\/clausura-xxxiv-festival-internacional-de-musica-de-festa-amb-participacio-bandes-internacionals-i-banda-mcpal-castello\/"},"modified":"2025-03-27T11:09:47","modified_gmt":"2025-03-27T10:09:47","slug":"clausura-xxxiv-festival-internacional-de-musica-de-festa-amb-participacio-bandes-internacionals-i-banda-mcpal-castello","status":"publish","type":"mec-events","link":"https:\/\/fsmcv.org\/vl\/agenda\/clausura-xxxiv-festival-internacional-de-musica-de-festa-amb-participacio-bandes-internacionals-i-banda-mcpal-castello\/","title":{"rendered":"Clausura XXXIV Festival Internacional de M\u00fasica de Festa amb participaci\u00f3 bandes internacionals i Banda Mcpal. Castell\u00f3"},"content":{"rendered":"<p>Lloc de realitzaci\u00f3: Pla\u00e7a Major, Castell\u00f3.<\/p>\n","protected":false},"excerpt":{"rendered":"<p>Lloc de realitzaci\u00f3: Pla\u00e7a Major, Castell\u00f3.<\/p>\n","protected":false},"author":17,"featured_media":77608,"template":"","tags":[],"mec_category":[223],"class_list":["post-77610","mec-events","type-mec-events","status-publish","has-post-thumbnail","hentry","mec_category-festivals"],"_links":{"self":[{"href":"https:\/\/fsmcv.org\/vl\/wp-json\/wp\/v2\/mec-events\/77610","targetHints":{"allow":["GET"]}}],"collection":[{"href":"https:\/\/fsmcv.org\/vl\/wp-json\/wp\/v2\/mec-events"}],"about":[{"href":"https:\/\/fsmcv.org\/vl\/wp-json\/wp\/v2\/types\/mec-events"}],"author":[{"embeddable":true,"href":"https:\/\/fsmcv.org\/vl\/wp-json\/wp\/v2\/users\/17"}],"wp:featuredmedia":[{"embeddable":true,"href":"https:\/\/fsmcv.org\/vl\/wp-json\/wp\/v2\/media\/77608"}],"wp:attachment":[{"href":"https:\/\/fsmcv.org\/vl\/wp-json\/wp\/v2\/media?parent=77610"}],"wp:term":[{"taxonomy":"post_tag","embeddable":true,"href":"https:\/\/fsmcv.org\/vl\/wp-json\/wp\/v2\/tags?post=77610"},{"taxonomy":"mec_category","embeddable":true,"href":"https:\/\/fsmcv.org\/vl\/wp-json\/wp\/v2\/mec_category?post=77610"}],"curies":[{"name":"wp","href":"https:\/\/api.w.org\/{rel}","templated":true}]}}

Clausura XXXIV Festival Internacional de Música de Festa amb participació bandes internacionals i Banda Mcpal. Castelló

<p>Lloc de realització: Plaça Major, Castelló.</p>
