{"id":77632,"date":"2025-03-27T11:56:36","date_gmt":"2025-03-27T10:56:36","guid":{"rendered":"https:\/\/fsmcv.org\/agenda\/1r-concert-didactic-banda-jove-comarcal-2025-comarca-ribera-alta\/"},"modified":"2025-05-09T10:53:00","modified_gmt":"2025-05-09T08:53:00","slug":"1r-concert-didactic-banda-jove-comarcal-2025-comarca-ribera-alta","status":"publish","type":"mec-events","link":"https:\/\/fsmcv.org\/vl\/agenda\/1r-concert-didactic-banda-jove-comarcal-2025-comarca-ribera-alta\/","title":{"rendered":"1r Concert did\u00e0ctic Banda Jove Comarcal 2025 &#8211; Comarca Ribera Alta"},"content":{"rendered":"<p>Lloc de realitzaci\u00f3: Centre Cultural Enric Valor, Benifai\u00f3.<\/p>\n","protected":false},"excerpt":{"rendered":"<p>Lloc de realitzaci\u00f3: Centre Cultural Enric Valor, Benifai\u00f3.<\/p>\n","protected":false},"author":17,"featured_media":78246,"template":"","tags":[],"mec_category":[579],"class_list":["post-77632","mec-events","type-mec-events","status-publish","has-post-thumbnail","hentry","mec_category-activitats-comarcals"],"_links":{"self":[{"href":"https:\/\/fsmcv.org\/vl\/wp-json\/wp\/v2\/mec-events\/77632","targetHints":{"allow":["GET"]}}],"collection":[{"href":"https:\/\/fsmcv.org\/vl\/wp-json\/wp\/v2\/mec-events"}],"about":[{"href":"https:\/\/fsmcv.org\/vl\/wp-json\/wp\/v2\/types\/mec-events"}],"author":[{"embeddable":true,"href":"https:\/\/fsmcv.org\/vl\/wp-json\/wp\/v2\/users\/17"}],"wp:featuredmedia":[{"embeddable":true,"href":"https:\/\/fsmcv.org\/vl\/wp-json\/wp\/v2\/media\/78246"}],"wp:attachment":[{"href":"https:\/\/fsmcv.org\/vl\/wp-json\/wp\/v2\/media?parent=77632"}],"wp:term":[{"taxonomy":"post_tag","embeddable":true,"href":"https:\/\/fsmcv.org\/vl\/wp-json\/wp\/v2\/tags?post=77632"},{"taxonomy":"mec_category","embeddable":true,"href":"https:\/\/fsmcv.org\/vl\/wp-json\/wp\/v2\/mec_category?post=77632"}],"curies":[{"name":"wp","href":"https:\/\/api.w.org\/{rel}","templated":true}]}}

1r Concert didàctic Banda Jove Comarcal 2025 &#8211; Comarca Ribera Alta

<p>Lloc de realització: Centre Cultural Enric Valor, Benifaió.</p>
