{"id":77661,"date":"2025-03-27T13:32:30","date_gmt":"2025-03-27T12:32:30","guid":{"rendered":"https:\/\/fsmcv.org\/agenda\/trobada-descoles-comarca-ciutat-de-valencia-2\/"},"modified":"2025-03-27T13:32:30","modified_gmt":"2025-03-27T12:32:30","slug":"trobada-descoles-comarca-ciutat-de-valencia-2","status":"publish","type":"mec-events","link":"https:\/\/fsmcv.org\/vl\/agenda\/trobada-descoles-comarca-ciutat-de-valencia-2\/","title":{"rendered":"Trobada d&#8217;Escoles &#8211; Comarca Ciutat de Val\u00e8ncia"},"content":{"rendered":"<p>Lloc de realitzaci\u00f3: Val\u00e8ncia.<\/p>\n","protected":false},"excerpt":{"rendered":"<p>Lloc de realitzaci\u00f3: Val\u00e8ncia.<\/p>\n","protected":false},"author":17,"featured_media":0,"template":"","tags":[],"mec_category":[579],"class_list":["post-77661","mec-events","type-mec-events","status-publish","hentry","mec_category-activitats-comarcals"],"_links":{"self":[{"href":"https:\/\/fsmcv.org\/vl\/wp-json\/wp\/v2\/mec-events\/77661","targetHints":{"allow":["GET"]}}],"collection":[{"href":"https:\/\/fsmcv.org\/vl\/wp-json\/wp\/v2\/mec-events"}],"about":[{"href":"https:\/\/fsmcv.org\/vl\/wp-json\/wp\/v2\/types\/mec-events"}],"author":[{"embeddable":true,"href":"https:\/\/fsmcv.org\/vl\/wp-json\/wp\/v2\/users\/17"}],"wp:attachment":[{"href":"https:\/\/fsmcv.org\/vl\/wp-json\/wp\/v2\/media?parent=77661"}],"wp:term":[{"taxonomy":"post_tag","embeddable":true,"href":"https:\/\/fsmcv.org\/vl\/wp-json\/wp\/v2\/tags?post=77661"},{"taxonomy":"mec_category","embeddable":true,"href":"https:\/\/fsmcv.org\/vl\/wp-json\/wp\/v2\/mec_category?post=77661"}],"curies":[{"name":"wp","href":"https:\/\/api.w.org\/{rel}","templated":true}]}}

Trobada d&#8217;Escoles &#8211; Comarca Ciutat de València

<p>Lloc de realització: València.</p>
