{"id":77695,"date":"2025-03-27T14:15:02","date_gmt":"2025-03-27T13:15:02","guid":{"rendered":"https:\/\/fsmcv.org\/agenda\/trobada-comarcal-descoles-de-musica-comarca-foia-de-bunol-chiva\/"},"modified":"2025-03-27T14:15:02","modified_gmt":"2025-03-27T13:15:02","slug":"trobada-comarcal-descoles-de-musica-comarca-foia-de-bunol-chiva","status":"publish","type":"mec-events","link":"https:\/\/fsmcv.org\/vl\/agenda\/trobada-comarcal-descoles-de-musica-comarca-foia-de-bunol-chiva\/","title":{"rendered":"Trobada Comarcal d&#8217;Escoles de M\u00fasica &#8211; Comarca Foia de Bu\u00f1ol-Chiva"},"content":{"rendered":"<p>Lloc de realitzaci\u00f3: Dos Aguas.<\/p>\n","protected":false},"excerpt":{"rendered":"<p>Lloc de realitzaci\u00f3: Dos Aguas.<\/p>\n","protected":false},"author":17,"featured_media":79821,"template":"","tags":[],"mec_category":[579],"class_list":["post-77695","mec-events","type-mec-events","status-publish","has-post-thumbnail","hentry","mec_category-activitats-comarcals"],"_links":{"self":[{"href":"https:\/\/fsmcv.org\/vl\/wp-json\/wp\/v2\/mec-events\/77695","targetHints":{"allow":["GET"]}}],"collection":[{"href":"https:\/\/fsmcv.org\/vl\/wp-json\/wp\/v2\/mec-events"}],"about":[{"href":"https:\/\/fsmcv.org\/vl\/wp-json\/wp\/v2\/types\/mec-events"}],"author":[{"embeddable":true,"href":"https:\/\/fsmcv.org\/vl\/wp-json\/wp\/v2\/users\/17"}],"wp:featuredmedia":[{"embeddable":true,"href":"https:\/\/fsmcv.org\/vl\/wp-json\/wp\/v2\/media\/79821"}],"wp:attachment":[{"href":"https:\/\/fsmcv.org\/vl\/wp-json\/wp\/v2\/media?parent=77695"}],"wp:term":[{"taxonomy":"post_tag","embeddable":true,"href":"https:\/\/fsmcv.org\/vl\/wp-json\/wp\/v2\/tags?post=77695"},{"taxonomy":"mec_category","embeddable":true,"href":"https:\/\/fsmcv.org\/vl\/wp-json\/wp\/v2\/mec_category?post=77695"}],"curies":[{"name":"wp","href":"https:\/\/api.w.org\/{rel}","templated":true}]}}

Trobada Comarcal d&#8217;Escoles de Música &#8211; Comarca Foia de Buñol-Chiva

<p>Lloc de realització: Dos Aguas.</p>
