{"id":77703,"date":"2025-03-27T14:37:07","date_gmt":"2025-03-27T13:37:07","guid":{"rendered":"https:\/\/fsmcv.org\/agenda\/musica-i-festa-trobada-de-societats-musicals-de-la-vall-de-carcer-comarca-vall-de-carcer\/"},"modified":"2025-03-27T14:37:07","modified_gmt":"2025-03-27T13:37:07","slug":"musica-i-festa-trobada-de-societats-musicals-de-la-vall-de-carcer-comarca-vall-de-carcer","status":"publish","type":"mec-events","link":"https:\/\/fsmcv.org\/vl\/agenda\/musica-i-festa-trobada-de-societats-musicals-de-la-vall-de-carcer-comarca-vall-de-carcer\/","title":{"rendered":"M\u00fasica i Festa &#8220;Trobada de Societats Musicals de la Vall de C\u00e0rcer&#8221; &#8211; Comarca Vall de C\u00e0rcer"},"content":{"rendered":"<p>Lloc de realitzaci\u00f3: Gavarda.<\/p>\n","protected":false},"excerpt":{"rendered":"<p>Lloc de realitzaci\u00f3: Gavarda.<\/p>\n","protected":false},"author":17,"featured_media":80048,"template":"","tags":[],"mec_category":[579],"class_list":["post-77703","mec-events","type-mec-events","status-publish","has-post-thumbnail","hentry","mec_category-activitats-comarcals"],"_links":{"self":[{"href":"https:\/\/fsmcv.org\/vl\/wp-json\/wp\/v2\/mec-events\/77703","targetHints":{"allow":["GET"]}}],"collection":[{"href":"https:\/\/fsmcv.org\/vl\/wp-json\/wp\/v2\/mec-events"}],"about":[{"href":"https:\/\/fsmcv.org\/vl\/wp-json\/wp\/v2\/types\/mec-events"}],"author":[{"embeddable":true,"href":"https:\/\/fsmcv.org\/vl\/wp-json\/wp\/v2\/users\/17"}],"wp:featuredmedia":[{"embeddable":true,"href":"https:\/\/fsmcv.org\/vl\/wp-json\/wp\/v2\/media\/80048"}],"wp:attachment":[{"href":"https:\/\/fsmcv.org\/vl\/wp-json\/wp\/v2\/media?parent=77703"}],"wp:term":[{"taxonomy":"post_tag","embeddable":true,"href":"https:\/\/fsmcv.org\/vl\/wp-json\/wp\/v2\/tags?post=77703"},{"taxonomy":"mec_category","embeddable":true,"href":"https:\/\/fsmcv.org\/vl\/wp-json\/wp\/v2\/mec_category?post=77703"}],"curies":[{"name":"wp","href":"https:\/\/api.w.org\/{rel}","templated":true}]}}

Música i Festa &#8220;Trobada de Societats Musicals de la Vall de Càrcer&#8221; &#8211; Comarca Vall de Càrcer

<p>Lloc de realització: Gavarda.</p>
