{"id":77853,"date":"2025-04-03T11:12:12","date_gmt":"2025-04-03T09:12:12","guid":{"rendered":"https:\/\/fsmcv.org\/agenda\/concert-musica-sacra-societat-musical-sant-antoni-de-benaixeve\/"},"modified":"2025-04-03T11:12:12","modified_gmt":"2025-04-03T09:12:12","slug":"concert-musica-sacra-societat-musical-sant-antoni-de-benaixeve","status":"publish","type":"mec-events","link":"https:\/\/fsmcv.org\/vl\/agenda\/concert-musica-sacra-societat-musical-sant-antoni-de-benaixeve\/","title":{"rendered":"Concert M\u00fasica Sacra &#8211; Societat Musical Sant Antoni de Benaixeve"},"content":{"rendered":"<p>Lloc de realitzaci\u00f3: Parr\u00f2quia sant Antoni Abat &#8211; Plaza de l&#8217;ajuntament, Sant Antoni de Benaixeve.<\/p>\n","protected":false},"excerpt":{"rendered":"<p>Lloc de realitzaci\u00f3: Parr\u00f2quia sant Antoni Abat &#8211; Plaza de l&#8217;ajuntament, Sant Antoni de Benaixeve.<\/p>\n","protected":false},"author":17,"featured_media":77889,"template":"","tags":[],"mec_category":[220],"class_list":["post-77853","mec-events","type-mec-events","status-publish","has-post-thumbnail","hentry","mec_category-concerts"],"_links":{"self":[{"href":"https:\/\/fsmcv.org\/vl\/wp-json\/wp\/v2\/mec-events\/77853","targetHints":{"allow":["GET"]}}],"collection":[{"href":"https:\/\/fsmcv.org\/vl\/wp-json\/wp\/v2\/mec-events"}],"about":[{"href":"https:\/\/fsmcv.org\/vl\/wp-json\/wp\/v2\/types\/mec-events"}],"author":[{"embeddable":true,"href":"https:\/\/fsmcv.org\/vl\/wp-json\/wp\/v2\/users\/17"}],"wp:featuredmedia":[{"embeddable":true,"href":"https:\/\/fsmcv.org\/vl\/wp-json\/wp\/v2\/media\/77889"}],"wp:attachment":[{"href":"https:\/\/fsmcv.org\/vl\/wp-json\/wp\/v2\/media?parent=77853"}],"wp:term":[{"taxonomy":"post_tag","embeddable":true,"href":"https:\/\/fsmcv.org\/vl\/wp-json\/wp\/v2\/tags?post=77853"},{"taxonomy":"mec_category","embeddable":true,"href":"https:\/\/fsmcv.org\/vl\/wp-json\/wp\/v2\/mec_category?post=77853"}],"curies":[{"name":"wp","href":"https:\/\/api.w.org\/{rel}","templated":true}]}}

Concert Música Sacra &#8211; Societat Musical Sant Antoni de Benaixeve

<p>Lloc de realització: Parròquia sant Antoni Abat &#8211; Plaza de l&#8217;ajuntament, Sant Antoni de Benaixeve.</p>
