{"id":77949,"date":"2025-04-10T12:56:59","date_gmt":"2025-04-10T10:56:59","guid":{"rendered":"https:\/\/fsmcv.org\/agenda\/concert-preparacio-46e-certamen-provincial-unio-musical-vallduxense\/"},"modified":"2025-04-10T12:56:59","modified_gmt":"2025-04-10T10:56:59","slug":"concert-preparacio-46e-certamen-provincial-unio-musical-vallduxense","status":"publish","type":"mec-events","link":"https:\/\/fsmcv.org\/vl\/agenda\/concert-preparacio-46e-certamen-provincial-unio-musical-vallduxense\/","title":{"rendered":"Concert preparaci\u00f3 46\u00e9 Certamen Provincial &#8211; Uni\u00f3 Musical Vallduxense"},"content":{"rendered":"<p>Lloc de realitzaci\u00f3: Teatre Carmen Tur, La Vall d&#8217;Uix\u00f3<\/p>\n","protected":false},"excerpt":{"rendered":"<p>Lloc de realitzaci\u00f3: Teatre Carmen Tur, La Vall d&#8217;Uix\u00f3<\/p>\n","protected":false},"author":17,"featured_media":77945,"template":"","tags":[],"mec_category":[],"class_list":["post-77949","mec-events","type-mec-events","status-publish","has-post-thumbnail","hentry"],"_links":{"self":[{"href":"https:\/\/fsmcv.org\/vl\/wp-json\/wp\/v2\/mec-events\/77949","targetHints":{"allow":["GET"]}}],"collection":[{"href":"https:\/\/fsmcv.org\/vl\/wp-json\/wp\/v2\/mec-events"}],"about":[{"href":"https:\/\/fsmcv.org\/vl\/wp-json\/wp\/v2\/types\/mec-events"}],"author":[{"embeddable":true,"href":"https:\/\/fsmcv.org\/vl\/wp-json\/wp\/v2\/users\/17"}],"wp:featuredmedia":[{"embeddable":true,"href":"https:\/\/fsmcv.org\/vl\/wp-json\/wp\/v2\/media\/77945"}],"wp:attachment":[{"href":"https:\/\/fsmcv.org\/vl\/wp-json\/wp\/v2\/media?parent=77949"}],"wp:term":[{"taxonomy":"post_tag","embeddable":true,"href":"https:\/\/fsmcv.org\/vl\/wp-json\/wp\/v2\/tags?post=77949"},{"taxonomy":"mec_category","embeddable":true,"href":"https:\/\/fsmcv.org\/vl\/wp-json\/wp\/v2\/mec_category?post=77949"}],"curies":[{"name":"wp","href":"https:\/\/api.w.org\/{rel}","templated":true}]}}

Concert preparació 46é Certamen Provincial &#8211; Unió Musical Vallduxense

<p>Lloc de realització: Teatre Carmen Tur, La Vall d&#8217;Uixó</p>
