{"id":78116,"date":"2025-04-24T09:45:27","date_gmt":"2025-04-24T07:45:27","guid":{"rendered":"https:\/\/fsmcv.org\/agenda\/entrades-moros-i-cristians-i-bufet-associacio-de-sant-jordi-dalcoi\/"},"modified":"2025-04-24T09:45:27","modified_gmt":"2025-04-24T07:45:27","slug":"entrades-moros-i-cristians-i-bufet-associacio-de-sant-jordi-dalcoi","status":"publish","type":"mec-events","link":"https:\/\/fsmcv.org\/vl\/agenda\/entrades-moros-i-cristians-i-bufet-associacio-de-sant-jordi-dalcoi\/","title":{"rendered":"Entrades Moros i Cristians i Bufet &#8211; Associaci\u00f3 de Sant Jordi d&#8217;Alcoi"},"content":{"rendered":"<p>Lloc de realitzaci\u00f3: Plaza Espa\u00f1a &#8211; Tribuna (al costat de l&#8217;Excm. Ajuntament d&#8217;Alcoi).<\/p>\n","protected":false},"excerpt":{"rendered":"<p>Lloc de realitzaci\u00f3: Plaza Espa\u00f1a &#8211; Tribuna (al costat de l&#8217;Excm. Ajuntament d&#8217;Alcoi).<\/p>\n","protected":false},"author":17,"featured_media":0,"template":"","tags":[],"mec_category":[220],"class_list":["post-78116","mec-events","type-mec-events","status-publish","hentry","mec_category-concerts"],"_links":{"self":[{"href":"https:\/\/fsmcv.org\/vl\/wp-json\/wp\/v2\/mec-events\/78116","targetHints":{"allow":["GET"]}}],"collection":[{"href":"https:\/\/fsmcv.org\/vl\/wp-json\/wp\/v2\/mec-events"}],"about":[{"href":"https:\/\/fsmcv.org\/vl\/wp-json\/wp\/v2\/types\/mec-events"}],"author":[{"embeddable":true,"href":"https:\/\/fsmcv.org\/vl\/wp-json\/wp\/v2\/users\/17"}],"wp:attachment":[{"href":"https:\/\/fsmcv.org\/vl\/wp-json\/wp\/v2\/media?parent=78116"}],"wp:term":[{"taxonomy":"post_tag","embeddable":true,"href":"https:\/\/fsmcv.org\/vl\/wp-json\/wp\/v2\/tags?post=78116"},{"taxonomy":"mec_category","embeddable":true,"href":"https:\/\/fsmcv.org\/vl\/wp-json\/wp\/v2\/mec_category?post=78116"}],"curies":[{"name":"wp","href":"https:\/\/api.w.org\/{rel}","templated":true}]}}

Entrades Moros i Cristians i Bufet &#8211; Associació de Sant Jordi d&#8217;Alcoi

<p>Lloc de realització: Plaza España &#8211; Tribuna (al costat de l&#8217;Excm. Ajuntament d&#8217;Alcoi).</p>
