{"id":78241,"date":"2025-05-09T10:43:43","date_gmt":"2025-05-09T08:43:43","guid":{"rendered":"https:\/\/fsmcv.org\/agenda\/concert-excel%c2%b7lent-societat-joventut-musical-de-faura\/"},"modified":"2025-05-09T10:43:43","modified_gmt":"2025-05-09T08:43:43","slug":"concert-excel%c2%b7lent-societat-joventut-musical-de-faura","status":"publish","type":"mec-events","link":"https:\/\/fsmcv.org\/vl\/agenda\/concert-excel%c2%b7lent-societat-joventut-musical-de-faura\/","title":{"rendered":"Concert Excel\u00b7lent &#8211; Societat Joventut Musical de Faura"},"content":{"rendered":"<p>Lloc de realitzaci\u00f3: Pla\u00e7a Enric Garc\u00e9s, Faura.<\/p>\n","protected":false},"excerpt":{"rendered":"<p>Lloc de realitzaci\u00f3: Pla\u00e7a Enric Garc\u00e9s, Faura.<\/p>\n","protected":false},"author":17,"featured_media":78240,"template":"","tags":[],"mec_category":[220],"class_list":["post-78241","mec-events","type-mec-events","status-publish","has-post-thumbnail","hentry","mec_category-concerts"],"_links":{"self":[{"href":"https:\/\/fsmcv.org\/vl\/wp-json\/wp\/v2\/mec-events\/78241","targetHints":{"allow":["GET"]}}],"collection":[{"href":"https:\/\/fsmcv.org\/vl\/wp-json\/wp\/v2\/mec-events"}],"about":[{"href":"https:\/\/fsmcv.org\/vl\/wp-json\/wp\/v2\/types\/mec-events"}],"author":[{"embeddable":true,"href":"https:\/\/fsmcv.org\/vl\/wp-json\/wp\/v2\/users\/17"}],"wp:featuredmedia":[{"embeddable":true,"href":"https:\/\/fsmcv.org\/vl\/wp-json\/wp\/v2\/media\/78240"}],"wp:attachment":[{"href":"https:\/\/fsmcv.org\/vl\/wp-json\/wp\/v2\/media?parent=78241"}],"wp:term":[{"taxonomy":"post_tag","embeddable":true,"href":"https:\/\/fsmcv.org\/vl\/wp-json\/wp\/v2\/tags?post=78241"},{"taxonomy":"mec_category","embeddable":true,"href":"https:\/\/fsmcv.org\/vl\/wp-json\/wp\/v2\/mec_category?post=78241"}],"curies":[{"name":"wp","href":"https:\/\/api.w.org\/{rel}","templated":true}]}}

<p>Lloc de realització: Plaça Enric Garcés, Faura.</p>
