{"id":78505,"date":"2025-05-15T13:53:11","date_gmt":"2025-05-15T11:53:11","guid":{"rendered":"https:\/\/fsmcv.org\/agenda\/xv-vetlada-poetica-jove-orquestra-um-paiporta-i-elies-monxoli-al-piano\/"},"modified":"2025-05-15T14:20:47","modified_gmt":"2025-05-15T12:20:47","slug":"xv-vetlada-poetica-jove-orquestra-um-paiporta-i-elies-monxoli-al-piano","status":"publish","type":"mec-events","link":"https:\/\/fsmcv.org\/vl\/agenda\/xv-vetlada-poetica-jove-orquestra-um-paiporta-i-elies-monxoli-al-piano\/","title":{"rendered":"XV Vetlada Po\u00e8tica. Jove Orquestra UM Paiporta i Elies Monxoli al piano"},"content":{"rendered":"<p>Lloc de realitzaci\u00f3: Pla\u00e7a del Mercat (Pla\u00e7a Cervantes), Paiporta.<\/p>\n","protected":false},"excerpt":{"rendered":"<p>Lloc de realitzaci\u00f3: Pla\u00e7a del Mercat (Pla\u00e7a Cervantes), Paiporta.<\/p>\n","protected":false},"author":17,"featured_media":78469,"template":"","tags":[],"mec_category":[220],"class_list":["post-78505","mec-events","type-mec-events","status-publish","has-post-thumbnail","hentry","mec_category-concerts"],"_links":{"self":[{"href":"https:\/\/fsmcv.org\/vl\/wp-json\/wp\/v2\/mec-events\/78505","targetHints":{"allow":["GET"]}}],"collection":[{"href":"https:\/\/fsmcv.org\/vl\/wp-json\/wp\/v2\/mec-events"}],"about":[{"href":"https:\/\/fsmcv.org\/vl\/wp-json\/wp\/v2\/types\/mec-events"}],"author":[{"embeddable":true,"href":"https:\/\/fsmcv.org\/vl\/wp-json\/wp\/v2\/users\/17"}],"wp:featuredmedia":[{"embeddable":true,"href":"https:\/\/fsmcv.org\/vl\/wp-json\/wp\/v2\/media\/78469"}],"wp:attachment":[{"href":"https:\/\/fsmcv.org\/vl\/wp-json\/wp\/v2\/media?parent=78505"}],"wp:term":[{"taxonomy":"post_tag","embeddable":true,"href":"https:\/\/fsmcv.org\/vl\/wp-json\/wp\/v2\/tags?post=78505"},{"taxonomy":"mec_category","embeddable":true,"href":"https:\/\/fsmcv.org\/vl\/wp-json\/wp\/v2\/mec_category?post=78505"}],"curies":[{"name":"wp","href":"https:\/\/api.w.org\/{rel}","templated":true}]}}

XV Vetlada Poètica. Jove Orquestra UM Paiporta i Elies Monxoli al piano

<p>Lloc de realització: Plaça del Mercat (Plaça Cervantes), Paiporta.</p>
