{"id":78538,"date":"2025-05-16T09:36:51","date_gmt":"2025-05-16T07:36:51","guid":{"rendered":"https:\/\/fsmcv.org\/agenda\/dialegs-al-palau\/"},"modified":"2025-05-16T09:36:51","modified_gmt":"2025-05-16T07:36:51","slug":"dialegs-al-palau","status":"publish","type":"mec-events","link":"https:\/\/fsmcv.org\/vl\/agenda\/dialegs-al-palau\/","title":{"rendered":"Di\u00e0legs al Palau"},"content":{"rendered":"<p>10\u20ac. Sala Rodrigo. <\/p>\n<p>Escriptora: <strong>Lola Mascarell<\/strong><\/p>\n<p>Entrevistadora: <strong>Mireia P\u00e9rez<\/strong> (autora de c\u00f2mics i divulgadora)<\/p>\n<p>Grup musical: <strong>Musicants<\/strong><\/p>\n<p>Segona cita del nou cicle <em>Di\u00e0legs al Palau<\/em>, que combina una amena xarrada que aborda com la m\u00fasica ha influ\u00eft en el proc\u00e9s creatiu d&#8217;un autor o autora, per a despr\u00e9s assistir a un concert de grups basat en la transversalitat d&#8217;\u00e8poques. Lola Mascarell, professora de Llengua i Literatura en un institut de Val\u00e8ncia, ha escrit quatre poemaris i una novel\u00b7la. Musicants \u00e9s un grup dedicat a una visi\u00f3 col\u00b7lectiva de m\u00fasiques i can\u00e7ons del Mediterrani, de formaci\u00f3 heterodoxa i bagatge musical procedent de diferents estils: jazz, pop, cl\u00e0ssic, tradicional, etc. Entrevistar\u00e0 a Mascarell l&#8217;autora de c\u00f2mics i divulgadora valenciana Mireia P\u00e9rez.    <\/p>\n","protected":false},"excerpt":{"rendered":"<p>10\u20ac. Sala Rodrigo. Escriptora: Lola Mascarell Entrevistadora: Mireia P\u00e9rez (autora de c\u00f2mics i divulgadora) Grup musical: Musicants Segona cita del nou cicle Di\u00e0legs al Palau, que combina una amena xarrada que aborda com la m\u00fasica ha influ\u00eft en el proc\u00e9s creatiu d&#8217;un autor o autora, per a despr\u00e9s assistir a un concert de grups basat [&hellip;]<\/p>\n","protected":false},"author":17,"featured_media":44108,"template":"","tags":[],"mec_category":[220],"class_list":["post-78538","mec-events","type-mec-events","status-publish","has-post-thumbnail","hentry","mec_category-concerts"],"_links":{"self":[{"href":"https:\/\/fsmcv.org\/vl\/wp-json\/wp\/v2\/mec-events\/78538","targetHints":{"allow":["GET"]}}],"collection":[{"href":"https:\/\/fsmcv.org\/vl\/wp-json\/wp\/v2\/mec-events"}],"about":[{"href":"https:\/\/fsmcv.org\/vl\/wp-json\/wp\/v2\/types\/mec-events"}],"author":[{"embeddable":true,"href":"https:\/\/fsmcv.org\/vl\/wp-json\/wp\/v2\/users\/17"}],"wp:featuredmedia":[{"embeddable":true,"href":"https:\/\/fsmcv.org\/vl\/wp-json\/wp\/v2\/media\/44108"}],"wp:attachment":[{"href":"https:\/\/fsmcv.org\/vl\/wp-json\/wp\/v2\/media?parent=78538"}],"wp:term":[{"taxonomy":"post_tag","embeddable":true,"href":"https:\/\/fsmcv.org\/vl\/wp-json\/wp\/v2\/tags?post=78538"},{"taxonomy":"mec_category","embeddable":true,"href":"https:\/\/fsmcv.org\/vl\/wp-json\/wp\/v2\/mec_category?post=78538"}],"curies":[{"name":"wp","href":"https:\/\/api.w.org\/{rel}","templated":true}]}}

Diàlegs al Palau

<p>10€. Sala Rodrigo. </p>
<p>Escriptora: <strong>Lola Mascarell</strong></p>
<p>Entrevistadora: <strong>Mireia Pérez</strong> (autora de còmics i divulgadora)</p>
<p>Grup musical: <strong>Musicants</strong></p>
<p>Segona cita del nou cicle <em>Diàlegs al Palau</em>, que combina una amena xarrada que aborda com la música ha influït en el procés creatiu d&#8217;un autor o autora, per a després assistir a un concert de grups basat en la transversalitat d&#8217;èpoques. Lola Mascarell, professora de Llengua i Literatura en un institut de València, ha escrit quatre poemaris i una novel·la. Musicants és un grup dedicat a una visió col·lectiva de músiques i cançons del Mediterrani, de formació heterodoxa i bagatge musical procedent de diferents estils: jazz, pop, clàssic, tradicional, etc. Entrevistarà a Mascarell l&#8217;autora de còmics i divulgadora valenciana Mireia Pérez.    </p>

<p>10€. Sala Rodrigo. Escriptora: Lola Mascarell Entrevistadora: Mireia Pérez (autora de còmics i divulgadora) Grup musical: Musicants Segona cita del nou cicle Diàlegs al Palau, que combina una amena xarrada que aborda com la música ha influït en el procés creatiu d&#8217;un autor o autora, per a després assistir a un concert de grups basat [&hellip;]</p>
