{"id":78544,"date":"2025-05-16T09:45:50","date_gmt":"2025-05-16T07:45:50","guid":{"rendered":"https:\/\/fsmcv.org\/agenda\/orquestra-de-valencia-2\/"},"modified":"2025-05-16T09:45:50","modified_gmt":"2025-05-16T07:45:50","slug":"orquestra-de-valencia-2","status":"publish","type":"mec-events","link":"https:\/\/fsmcv.org\/vl\/agenda\/orquestra-de-valencia-2\/","title":{"rendered":"Orquestra de Val\u00e8ncia"},"content":{"rendered":"<p><strong>20\/ 15\/ 10 \u20ac. ABONAMENT 40. SALA ITURBI.  <\/strong><\/p>\n<p><strong>Rudolf Buchbinder<\/strong>, piano<\/p>\n<p><strong>Pinchas Steinberg<\/strong>, director<\/p>\n<p>Ludwig van Beethoven Concert n\u00fam. 2 per a piano i orquestra en Si bemoll major, op. 19<\/p>\n<p>Modest M\u00fasorgski Quadres d\u2019una exposici\u00f3 (orq. M. Ravel)<\/p>\n<p>Dos dies despr\u00e9s del seu concert de cambra, Buchbinder torna en format simf\u00f2nic amb l&#8217;Orquestra de Val\u00e8ncia i el magn\u00edfic director israeli\u00e0 Pinchas Steinberg. El concertista austr\u00edac abordar\u00e0 el <em>Concert n\u00fam. 2<\/em> de Beethoven que no interpretava a l&#8217;auditori des del 2010. La cr\u00edtica va ressaltar llavors el \u00abso perlat i una articulaci\u00f3 clar\u00edssima\u00bb, aix\u00ed com \u00abla sensaci\u00f3 i espontane\u00eftat interpretativa, consubstancial a l&#8217;ideal musical beethoveniano\u00bb. D&#8217;este segon concert destaca el seu <em>Adagi,<\/em> impregnat d&#8217;un aire l\u00edric i galant en el qual sobre\u00efx la coda que encomanada al piano <em>amb gran espressione<\/em>. En la segona part, els <em>Quadres<\/em> que M\u00fassorgski va escriure en record del seu amic V\u00edktor Hartmann, pintor i arquitecte, mort als 39 anys. Arran de l&#8217;exposici\u00f3 en homenatge a Hartmann, M\u00fassorgski la va compondre per a piano, sent magistralment orquestrada posteriorment per Ravel.    <\/p>\n","protected":false},"excerpt":{"rendered":"<p>20\/ 15\/ 10 \u20ac. ABONAMENT 40. SALA ITURBI. Rudolf Buchbinder, piano Pinchas Steinberg, director Ludwig van Beethoven Concert n\u00fam. 2 per a piano i orquestra en Si bemoll major, op. 19 Modest M\u00fasorgski Quadres d\u2019una exposici\u00f3 (orq. M. Ravel) Dos dies despr\u00e9s del seu concert de cambra, Buchbinder torna en format simf\u00f2nic amb l&#8217;Orquestra de [&hellip;]<\/p>\n","protected":false},"author":17,"featured_media":44108,"template":"","tags":[],"mec_category":[220],"class_list":["post-78544","mec-events","type-mec-events","status-publish","has-post-thumbnail","hentry","mec_category-concerts"],"_links":{"self":[{"href":"https:\/\/fsmcv.org\/vl\/wp-json\/wp\/v2\/mec-events\/78544","targetHints":{"allow":["GET"]}}],"collection":[{"href":"https:\/\/fsmcv.org\/vl\/wp-json\/wp\/v2\/mec-events"}],"about":[{"href":"https:\/\/fsmcv.org\/vl\/wp-json\/wp\/v2\/types\/mec-events"}],"author":[{"embeddable":true,"href":"https:\/\/fsmcv.org\/vl\/wp-json\/wp\/v2\/users\/17"}],"wp:featuredmedia":[{"embeddable":true,"href":"https:\/\/fsmcv.org\/vl\/wp-json\/wp\/v2\/media\/44108"}],"wp:attachment":[{"href":"https:\/\/fsmcv.org\/vl\/wp-json\/wp\/v2\/media?parent=78544"}],"wp:term":[{"taxonomy":"post_tag","embeddable":true,"href":"https:\/\/fsmcv.org\/vl\/wp-json\/wp\/v2\/tags?post=78544"},{"taxonomy":"mec_category","embeddable":true,"href":"https:\/\/fsmcv.org\/vl\/wp-json\/wp\/v2\/mec_category?post=78544"}],"curies":[{"name":"wp","href":"https:\/\/api.w.org\/{rel}","templated":true}]}}

Orquestra de València

<p><strong>20/ 15/ 10 €. ABONAMENT 40. SALA ITURBI.  </strong></p>
<p><strong>Rudolf Buchbinder</strong>, piano</p>
<p><strong>Pinchas Steinberg</strong>, director</p>
<p>Ludwig van Beethoven Concert núm. 2 per a piano i orquestra en Si bemoll major, op. 19</p>
<p>Modest Músorgski Quadres d’una exposició (orq. M. Ravel)</p>
<p>Dos dies després del seu concert de cambra, Buchbinder torna en format simfònic amb l&#8217;Orquestra de València i el magnífic director israelià Pinchas Steinberg. El concertista austríac abordarà el <em>Concert núm. 2</em> de Beethoven que no interpretava a l&#8217;auditori des del 2010. La crítica va ressaltar llavors el «so perlat i una articulació claríssima», així com «la sensació i espontaneïtat interpretativa, consubstancial a l&#8217;ideal musical beethoveniano». D&#8217;este segon concert destaca el seu <em>Adagi,</em> impregnat d&#8217;un aire líric i galant en el qual sobreïx la coda que encomanada al piano <em>amb gran espressione</em>. En la segona part, els <em>Quadres</em> que Mússorgski va escriure en record del seu amic Víktor Hartmann, pintor i arquitecte, mort als 39 anys. Arran de l&#8217;exposició en homenatge a Hartmann, Mússorgski la va compondre per a piano, sent magistralment orquestrada posteriorment per Ravel.    </p>

<p>20/ 15/ 10 €. ABONAMENT 40. SALA ITURBI. Rudolf Buchbinder, piano Pinchas Steinberg, director Ludwig van Beethoven Concert núm. 2 per a piano i orquestra en Si bemoll major, op. 19 Modest Músorgski Quadres d’una exposició (orq. M. Ravel) Dos dies després del seu concert de cambra, Buchbinder torna en format simfònic amb l&#8217;Orquestra de [&hellip;]</p>
