{"id":78548,"date":"2025-05-16T09:52:30","date_gmt":"2025-05-16T07:52:30","guid":{"rendered":"https:\/\/fsmcv.org\/agenda\/concert-amb-motiu-del-dia-de-les-forces-armades-2025\/"},"modified":"2025-05-16T09:52:30","modified_gmt":"2025-05-16T07:52:30","slug":"concert-amb-motiu-del-dia-de-les-forces-armades-2025","status":"publish","type":"mec-events","link":"https:\/\/fsmcv.org\/vl\/agenda\/concert-amb-motiu-del-dia-de-les-forces-armades-2025\/","title":{"rendered":"Concert amb motiu del Dia de les Forces Armades 2025"},"content":{"rendered":"<p><strong>Entrada gratu\u00efta (localitats limitades). SALA ITURBI. <\/strong><\/p>\n<p><strong>UNITAT DE M\u00daSICA DE LA CASERNA GENERAL TERRESTRE D&#8217;ALTA DISPONIBILITAT (Val\u00e8ncia)<\/strong><\/p>\n<p><em>L\u2019Himne Nacional d\u2019Espanya, des de la seua creaci\u00f3, fins als nostres dies. Hist\u00f2ria de l\u2019Himne de la Comunitat Valenciana <\/em><\/p>\n<p>&nbsp;<\/p>\n","protected":false},"excerpt":{"rendered":"<p>Entrada gratu\u00efta (localitats limitades). SALA ITURBI. UNITAT DE M\u00daSICA DE LA CASERNA GENERAL TERRESTRE D&#8217;ALTA DISPONIBILITAT (Val\u00e8ncia) L\u2019Himne Nacional d\u2019Espanya, des de la seua creaci\u00f3, fins als nostres dies. Hist\u00f2ria de l\u2019Himne de la Comunitat Valenciana &nbsp;<\/p>\n","protected":false},"author":17,"featured_media":44108,"template":"","tags":[],"mec_category":[220],"class_list":["post-78548","mec-events","type-mec-events","status-publish","has-post-thumbnail","hentry","mec_category-concerts"],"_links":{"self":[{"href":"https:\/\/fsmcv.org\/vl\/wp-json\/wp\/v2\/mec-events\/78548","targetHints":{"allow":["GET"]}}],"collection":[{"href":"https:\/\/fsmcv.org\/vl\/wp-json\/wp\/v2\/mec-events"}],"about":[{"href":"https:\/\/fsmcv.org\/vl\/wp-json\/wp\/v2\/types\/mec-events"}],"author":[{"embeddable":true,"href":"https:\/\/fsmcv.org\/vl\/wp-json\/wp\/v2\/users\/17"}],"wp:featuredmedia":[{"embeddable":true,"href":"https:\/\/fsmcv.org\/vl\/wp-json\/wp\/v2\/media\/44108"}],"wp:attachment":[{"href":"https:\/\/fsmcv.org\/vl\/wp-json\/wp\/v2\/media?parent=78548"}],"wp:term":[{"taxonomy":"post_tag","embeddable":true,"href":"https:\/\/fsmcv.org\/vl\/wp-json\/wp\/v2\/tags?post=78548"},{"taxonomy":"mec_category","embeddable":true,"href":"https:\/\/fsmcv.org\/vl\/wp-json\/wp\/v2\/mec_category?post=78548"}],"curies":[{"name":"wp","href":"https:\/\/api.w.org\/{rel}","templated":true}]}}

<p><strong>Entrada gratuïta (localitats limitades). SALA ITURBI. </strong></p>
<p><strong>UNITAT DE MÚSICA DE LA CASERNA GENERAL TERRESTRE D&#8217;ALTA DISPONIBILITAT (València)</strong></p>
<p><em>L’Himne Nacional d’Espanya, des de la seua creació, fins als nostres dies. Història de l’Himne de la Comunitat Valenciana </em></p>
<p>&nbsp;</p>

<p>Entrada gratuïta (localitats limitades). SALA ITURBI. UNITAT DE MÚSICA DE LA CASERNA GENERAL TERRESTRE D&#8217;ALTA DISPONIBILITAT (València) L’Himne Nacional d’Espanya, des de la seua creació, fins als nostres dies. Història de l’Himne de la Comunitat Valenciana &nbsp;</p>
