{"id":78602,"date":"2025-05-22T11:32:57","date_gmt":"2025-05-22T09:32:57","guid":{"rendered":"https:\/\/fsmcv.org\/agenda\/concert-de-primavera-a-carrec-de-lorquestra-concert-heroic-de-joaquin-rodrigo-lira-saguntina\/"},"modified":"2025-05-22T11:32:57","modified_gmt":"2025-05-22T09:32:57","slug":"concert-de-primavera-a-carrec-de-lorquestra-concert-heroic-de-joaquin-rodrigo-lira-saguntina","status":"publish","type":"mec-events","link":"https:\/\/fsmcv.org\/vl\/agenda\/concert-de-primavera-a-carrec-de-lorquestra-concert-heroic-de-joaquin-rodrigo-lira-saguntina\/","title":{"rendered":"Concert de Primavera a c\u00e0rrec de l&#8217;Orquestra &#8220;Concert Heroic de Joaqu\u00edn Rodrigo&#8221; &#8211; Lira Saguntina"},"content":{"rendered":"<p>Lloc de realitzaci\u00f3: Auditori Joaqu\u00edn Rodrigo, Sagunt.<\/p>\n","protected":false},"excerpt":{"rendered":"<p>Lloc de realitzaci\u00f3: Auditori Joaqu\u00edn Rodrigo, Sagunt.<\/p>\n","protected":false},"author":17,"featured_media":78596,"template":"","tags":[],"mec_category":[220],"class_list":["post-78602","mec-events","type-mec-events","status-publish","has-post-thumbnail","hentry","mec_category-concerts"],"_links":{"self":[{"href":"https:\/\/fsmcv.org\/vl\/wp-json\/wp\/v2\/mec-events\/78602","targetHints":{"allow":["GET"]}}],"collection":[{"href":"https:\/\/fsmcv.org\/vl\/wp-json\/wp\/v2\/mec-events"}],"about":[{"href":"https:\/\/fsmcv.org\/vl\/wp-json\/wp\/v2\/types\/mec-events"}],"author":[{"embeddable":true,"href":"https:\/\/fsmcv.org\/vl\/wp-json\/wp\/v2\/users\/17"}],"wp:featuredmedia":[{"embeddable":true,"href":"https:\/\/fsmcv.org\/vl\/wp-json\/wp\/v2\/media\/78596"}],"wp:attachment":[{"href":"https:\/\/fsmcv.org\/vl\/wp-json\/wp\/v2\/media?parent=78602"}],"wp:term":[{"taxonomy":"post_tag","embeddable":true,"href":"https:\/\/fsmcv.org\/vl\/wp-json\/wp\/v2\/tags?post=78602"},{"taxonomy":"mec_category","embeddable":true,"href":"https:\/\/fsmcv.org\/vl\/wp-json\/wp\/v2\/mec_category?post=78602"}],"curies":[{"name":"wp","href":"https:\/\/api.w.org\/{rel}","templated":true}]}}

Concert de Primavera a càrrec de l&#8217;Orquestra &#8220;Concert Heroic de Joaquín Rodrigo&#8221; &#8211; Lira Saguntina

<p>Lloc de realització: Auditori Joaquín Rodrigo, Sagunt.</p>
