{"id":78603,"date":"2025-05-22T11:31:13","date_gmt":"2025-05-22T09:31:13","guid":{"rendered":"https:\/\/fsmcv.org\/agenda\/concert-de-primavera-agrupacio-musical-vila-de-calig-2\/"},"modified":"2025-05-22T11:31:13","modified_gmt":"2025-05-22T09:31:13","slug":"concert-de-primavera-agrupacio-musical-vila-de-calig-2","status":"publish","type":"mec-events","link":"https:\/\/fsmcv.org\/vl\/agenda\/concert-de-primavera-agrupacio-musical-vila-de-calig-2\/","title":{"rendered":"Concert de Primavera &#8211; Agrupaci\u00f3 Musical Vila de C\u00e0lig"},"content":{"rendered":"<p>Lloc de realitzaci\u00f3: Auditori Centre de Cultura de C\u00e0lig.<\/p>\n","protected":false},"excerpt":{"rendered":"<p>Lloc de realitzaci\u00f3: Auditori Centre de Cultura de C\u00e0lig.<\/p>\n","protected":false},"author":17,"featured_media":73401,"template":"","tags":[],"mec_category":[220],"class_list":["post-78603","mec-events","type-mec-events","status-publish","has-post-thumbnail","hentry","mec_category-concerts"],"_links":{"self":[{"href":"https:\/\/fsmcv.org\/vl\/wp-json\/wp\/v2\/mec-events\/78603","targetHints":{"allow":["GET"]}}],"collection":[{"href":"https:\/\/fsmcv.org\/vl\/wp-json\/wp\/v2\/mec-events"}],"about":[{"href":"https:\/\/fsmcv.org\/vl\/wp-json\/wp\/v2\/types\/mec-events"}],"author":[{"embeddable":true,"href":"https:\/\/fsmcv.org\/vl\/wp-json\/wp\/v2\/users\/17"}],"wp:featuredmedia":[{"embeddable":true,"href":"https:\/\/fsmcv.org\/vl\/wp-json\/wp\/v2\/media\/73401"}],"wp:attachment":[{"href":"https:\/\/fsmcv.org\/vl\/wp-json\/wp\/v2\/media?parent=78603"}],"wp:term":[{"taxonomy":"post_tag","embeddable":true,"href":"https:\/\/fsmcv.org\/vl\/wp-json\/wp\/v2\/tags?post=78603"},{"taxonomy":"mec_category","embeddable":true,"href":"https:\/\/fsmcv.org\/vl\/wp-json\/wp\/v2\/mec_category?post=78603"}],"curies":[{"name":"wp","href":"https:\/\/api.w.org\/{rel}","templated":true}]}}

Concert de Primavera &#8211; Agrupació Musical Vila de Càlig

<p>Lloc de realització: Auditori Centre de Cultura de Càlig.</p>
