{"id":78605,"date":"2025-05-22T11:27:54","date_gmt":"2025-05-22T09:27:54","guid":{"rendered":"https:\/\/fsmcv.org\/agenda\/conferencia-de-cecilia-rodrigo-i-cecilia-leon-rodrigo-filla-i-neta-de-joaquin-rodrigo\/"},"modified":"2025-05-22T11:27:54","modified_gmt":"2025-05-22T09:27:54","slug":"conferencia-de-cecilia-rodrigo-i-cecilia-leon-rodrigo-filla-i-neta-de-joaquin-rodrigo","status":"publish","type":"mec-events","link":"https:\/\/fsmcv.org\/vl\/agenda\/conferencia-de-cecilia-rodrigo-i-cecilia-leon-rodrigo-filla-i-neta-de-joaquin-rodrigo\/","title":{"rendered":"Confer\u00e8ncia de Cecilia Rodrigo i Cecilia Le\u00f3n Rodrigo, filla i neta de Joaqu\u00edn Rodrigo"},"content":{"rendered":"<p>Lloc de realitzaci\u00f3: Centre Cultural Mario Monreal, Sagunt.<\/p>\n","protected":false},"excerpt":{"rendered":"<p>Lloc de realitzaci\u00f3: Centre Cultural Mario Monreal, Sagunt.<\/p>\n","protected":false},"author":17,"featured_media":78596,"template":"","tags":[],"mec_category":[],"class_list":["post-78605","mec-events","type-mec-events","status-publish","has-post-thumbnail","hentry"],"_links":{"self":[{"href":"https:\/\/fsmcv.org\/vl\/wp-json\/wp\/v2\/mec-events\/78605","targetHints":{"allow":["GET"]}}],"collection":[{"href":"https:\/\/fsmcv.org\/vl\/wp-json\/wp\/v2\/mec-events"}],"about":[{"href":"https:\/\/fsmcv.org\/vl\/wp-json\/wp\/v2\/types\/mec-events"}],"author":[{"embeddable":true,"href":"https:\/\/fsmcv.org\/vl\/wp-json\/wp\/v2\/users\/17"}],"wp:featuredmedia":[{"embeddable":true,"href":"https:\/\/fsmcv.org\/vl\/wp-json\/wp\/v2\/media\/78596"}],"wp:attachment":[{"href":"https:\/\/fsmcv.org\/vl\/wp-json\/wp\/v2\/media?parent=78605"}],"wp:term":[{"taxonomy":"post_tag","embeddable":true,"href":"https:\/\/fsmcv.org\/vl\/wp-json\/wp\/v2\/tags?post=78605"},{"taxonomy":"mec_category","embeddable":true,"href":"https:\/\/fsmcv.org\/vl\/wp-json\/wp\/v2\/mec_category?post=78605"}],"curies":[{"name":"wp","href":"https:\/\/api.w.org\/{rel}","templated":true}]}}

Conferència de Cecilia Rodrigo i Cecilia León Rodrigo, filla i neta de Joaquín Rodrigo

<p>Lloc de realització: Centre Cultural Mario Monreal, Sagunt.</p>
