{"id":79013,"date":"2025-06-26T11:49:43","date_gmt":"2025-06-26T09:49:43","guid":{"rendered":"https:\/\/fsmcv.org\/agenda\/concert-intercanvi-amb-larmonica-de-bunol-unio-musical-utielana\/"},"modified":"2025-06-26T11:49:43","modified_gmt":"2025-06-26T09:49:43","slug":"concert-intercanvi-amb-larmonica-de-bunol-unio-musical-utielana","status":"publish","type":"mec-events","link":"https:\/\/fsmcv.org\/vl\/agenda\/concert-intercanvi-amb-larmonica-de-bunol-unio-musical-utielana\/","title":{"rendered":"Concert Intercanvi amb L&#8217;arm\u00f2nica de Bu\u00f1ol &#8211; Uni\u00f3 Musical Utielana"},"content":{"rendered":"<p>Lloc de realitzaci\u00f3: Pla\u00e7a de l&#8217;Ajuntament, Utiel.<\/p>\n","protected":false},"excerpt":{"rendered":"<p>Lloc de realitzaci\u00f3: Pla\u00e7a de l&#8217;Ajuntament, Utiel.<\/p>\n","protected":false},"author":17,"featured_media":68322,"template":"","tags":[],"mec_category":[220],"class_list":["post-79013","mec-events","type-mec-events","status-publish","has-post-thumbnail","hentry","mec_category-concerts"],"_links":{"self":[{"href":"https:\/\/fsmcv.org\/vl\/wp-json\/wp\/v2\/mec-events\/79013","targetHints":{"allow":["GET"]}}],"collection":[{"href":"https:\/\/fsmcv.org\/vl\/wp-json\/wp\/v2\/mec-events"}],"about":[{"href":"https:\/\/fsmcv.org\/vl\/wp-json\/wp\/v2\/types\/mec-events"}],"author":[{"embeddable":true,"href":"https:\/\/fsmcv.org\/vl\/wp-json\/wp\/v2\/users\/17"}],"wp:featuredmedia":[{"embeddable":true,"href":"https:\/\/fsmcv.org\/vl\/wp-json\/wp\/v2\/media\/68322"}],"wp:attachment":[{"href":"https:\/\/fsmcv.org\/vl\/wp-json\/wp\/v2\/media?parent=79013"}],"wp:term":[{"taxonomy":"post_tag","embeddable":true,"href":"https:\/\/fsmcv.org\/vl\/wp-json\/wp\/v2\/tags?post=79013"},{"taxonomy":"mec_category","embeddable":true,"href":"https:\/\/fsmcv.org\/vl\/wp-json\/wp\/v2\/mec_category?post=79013"}],"curies":[{"name":"wp","href":"https:\/\/api.w.org\/{rel}","templated":true}]}}

Concert Intercanvi amb L&#8217;armònica de Buñol &#8211; Unió Musical Utielana

<p>Lloc de realització: Plaça de l&#8217;Ajuntament, Utiel.</p>
