{"id":79020,"date":"2025-06-26T11:41:33","date_gmt":"2025-06-26T09:41:33","guid":{"rendered":"https:\/\/fsmcv.org\/agenda\/concert-de-les-festes-excel%c2%b7lent-associacio-musical-la-torre-de-valencia\/"},"modified":"2025-06-26T11:41:33","modified_gmt":"2025-06-26T09:41:33","slug":"concert-de-les-festes-excel%c2%b7lent-associacio-musical-la-torre-de-valencia","status":"publish","type":"mec-events","link":"https:\/\/fsmcv.org\/vl\/agenda\/concert-de-les-festes-excel%c2%b7lent-associacio-musical-la-torre-de-valencia\/","title":{"rendered":"Concert de les festes &#8211; Excel\u00b7lent &#8211; Associaci\u00f3 Musical La Torre de Val\u00e8ncia"},"content":{"rendered":"<p>Lloc de realitzaci\u00f3: Recinte Festes La Torre, Carretera d&#8217;Alba. Al costat de l&#8217;Esgl\u00e9sia de La Torre, Val\u00e8ncia. <\/p>\n","protected":false},"excerpt":{"rendered":"<p>Lloc de realitzaci\u00f3: Recinte Festes La Torre, Carretera d&#8217;Alba. Al costat de l&#8217;Esgl\u00e9sia de La Torre, Val\u00e8ncia.<\/p>\n","protected":false},"author":17,"featured_media":79006,"template":"","tags":[],"mec_category":[220],"class_list":["post-79020","mec-events","type-mec-events","status-publish","has-post-thumbnail","hentry","mec_category-concerts"],"_links":{"self":[{"href":"https:\/\/fsmcv.org\/vl\/wp-json\/wp\/v2\/mec-events\/79020","targetHints":{"allow":["GET"]}}],"collection":[{"href":"https:\/\/fsmcv.org\/vl\/wp-json\/wp\/v2\/mec-events"}],"about":[{"href":"https:\/\/fsmcv.org\/vl\/wp-json\/wp\/v2\/types\/mec-events"}],"author":[{"embeddable":true,"href":"https:\/\/fsmcv.org\/vl\/wp-json\/wp\/v2\/users\/17"}],"wp:featuredmedia":[{"embeddable":true,"href":"https:\/\/fsmcv.org\/vl\/wp-json\/wp\/v2\/media\/79006"}],"wp:attachment":[{"href":"https:\/\/fsmcv.org\/vl\/wp-json\/wp\/v2\/media?parent=79020"}],"wp:term":[{"taxonomy":"post_tag","embeddable":true,"href":"https:\/\/fsmcv.org\/vl\/wp-json\/wp\/v2\/tags?post=79020"},{"taxonomy":"mec_category","embeddable":true,"href":"https:\/\/fsmcv.org\/vl\/wp-json\/wp\/v2\/mec_category?post=79020"}],"curies":[{"name":"wp","href":"https:\/\/api.w.org\/{rel}","templated":true}]}}

Concert de les festes &#8211; Excel·lent &#8211; Associació Musical La Torre de València

<p>Lloc de realització: Recinte Festes La Torre, Carretera d&#8217;Alba. Al costat de l&#8217;Església de La Torre, València. </p>

<p>Lloc de realització: Recinte Festes La Torre, Carretera d&#8217;Alba. Al costat de l&#8217;Església de La Torre, València.</p>
