{"id":79117,"date":"2025-07-02T13:06:11","date_gmt":"2025-07-02T11:06:11","guid":{"rendered":"https:\/\/fsmcv.org\/agenda\/137-certamen-internacional-de-bandes-de-musica-de-valencia-seccio-dhonor\/"},"modified":"2025-07-02T13:06:11","modified_gmt":"2025-07-02T11:06:11","slug":"137-certamen-internacional-de-bandes-de-musica-de-valencia-seccio-dhonor","status":"publish","type":"mec-events","link":"https:\/\/fsmcv.org\/vl\/agenda\/137-certamen-internacional-de-bandes-de-musica-de-valencia-seccio-dhonor\/","title":{"rendered":"137 Certamen Internacional de Bandes de M\u00fasica de Val\u00e8ncia &#8211; Secci\u00f3 d&#8217;honor"},"content":{"rendered":"<p>Lloc de realitzaci\u00f3: Palau de la M\u00fasica, Val\u00e8ncia.<\/p>\n","protected":false},"excerpt":{"rendered":"<p>Lloc de realitzaci\u00f3: Palau de la M\u00fasica, Val\u00e8ncia.<\/p>\n","protected":false},"author":17,"featured_media":79112,"template":"","tags":[],"mec_category":[632],"class_list":["post-79117","mec-events","type-mec-events","status-publish","has-post-thumbnail","hentry","mec_category-certamens"],"_links":{"self":[{"href":"https:\/\/fsmcv.org\/vl\/wp-json\/wp\/v2\/mec-events\/79117","targetHints":{"allow":["GET"]}}],"collection":[{"href":"https:\/\/fsmcv.org\/vl\/wp-json\/wp\/v2\/mec-events"}],"about":[{"href":"https:\/\/fsmcv.org\/vl\/wp-json\/wp\/v2\/types\/mec-events"}],"author":[{"embeddable":true,"href":"https:\/\/fsmcv.org\/vl\/wp-json\/wp\/v2\/users\/17"}],"wp:featuredmedia":[{"embeddable":true,"href":"https:\/\/fsmcv.org\/vl\/wp-json\/wp\/v2\/media\/79112"}],"wp:attachment":[{"href":"https:\/\/fsmcv.org\/vl\/wp-json\/wp\/v2\/media?parent=79117"}],"wp:term":[{"taxonomy":"post_tag","embeddable":true,"href":"https:\/\/fsmcv.org\/vl\/wp-json\/wp\/v2\/tags?post=79117"},{"taxonomy":"mec_category","embeddable":true,"href":"https:\/\/fsmcv.org\/vl\/wp-json\/wp\/v2\/mec_category?post=79117"}],"curies":[{"name":"wp","href":"https:\/\/api.w.org\/{rel}","templated":true}]}}

137 Certamen Internacional de Bandes de Música de València &#8211; Secció d&#8217;honor

<p>Lloc de realització: Palau de la Música, València.</p>
