{"id":79141,"date":"2025-07-03T11:48:58","date_gmt":"2025-07-03T09:48:58","guid":{"rendered":"https:\/\/fsmcv.org\/agenda\/concert-en-reconeixement-primer-premi-cibm-2024-unio-musical-de-lliria\/"},"modified":"2025-07-03T11:48:58","modified_gmt":"2025-07-03T09:48:58","slug":"concert-en-reconeixement-primer-premi-cibm-2024-unio-musical-de-lliria","status":"publish","type":"mec-events","link":"https:\/\/fsmcv.org\/vl\/agenda\/concert-en-reconeixement-primer-premi-cibm-2024-unio-musical-de-lliria\/","title":{"rendered":"Concert en reconeixement Primer Premi CIBM 2024 &#8211; Uni\u00f3 Musical de Lliria"},"content":{"rendered":"<p>Lloc de realitzaci\u00f3: Sala Iturbi del Palau de la M\u00fasica de Val\u00e8ncia.<\/p>\n","protected":false},"excerpt":{"rendered":"<p>Lloc de realitzaci\u00f3: Sala Iturbi del Palau de la M\u00fasica de Val\u00e8ncia.<\/p>\n","protected":false},"author":17,"featured_media":68326,"template":"","tags":[],"mec_category":[220],"class_list":["post-79141","mec-events","type-mec-events","status-publish","has-post-thumbnail","hentry","mec_category-concerts"],"_links":{"self":[{"href":"https:\/\/fsmcv.org\/vl\/wp-json\/wp\/v2\/mec-events\/79141","targetHints":{"allow":["GET"]}}],"collection":[{"href":"https:\/\/fsmcv.org\/vl\/wp-json\/wp\/v2\/mec-events"}],"about":[{"href":"https:\/\/fsmcv.org\/vl\/wp-json\/wp\/v2\/types\/mec-events"}],"author":[{"embeddable":true,"href":"https:\/\/fsmcv.org\/vl\/wp-json\/wp\/v2\/users\/17"}],"wp:featuredmedia":[{"embeddable":true,"href":"https:\/\/fsmcv.org\/vl\/wp-json\/wp\/v2\/media\/68326"}],"wp:attachment":[{"href":"https:\/\/fsmcv.org\/vl\/wp-json\/wp\/v2\/media?parent=79141"}],"wp:term":[{"taxonomy":"post_tag","embeddable":true,"href":"https:\/\/fsmcv.org\/vl\/wp-json\/wp\/v2\/tags?post=79141"},{"taxonomy":"mec_category","embeddable":true,"href":"https:\/\/fsmcv.org\/vl\/wp-json\/wp\/v2\/mec_category?post=79141"}],"curies":[{"name":"wp","href":"https:\/\/api.w.org\/{rel}","templated":true}]}}

Concert en reconeixement Primer Premi CIBM 2024 &#8211; Unió Musical de Lliria

<p>Lloc de realització: Sala Iturbi del Palau de la Música de València.</p>
