{"id":79144,"date":"2025-07-03T11:41:28","date_gmt":"2025-07-03T09:41:28","guid":{"rendered":"https:\/\/fsmcv.org\/agenda\/concert-eter-ii-trobada-del-cor-jove-de-la-cv-cor-jove-de-la-cv\/"},"modified":"2025-07-03T11:41:28","modified_gmt":"2025-07-03T09:41:28","slug":"concert-eter-ii-trobada-del-cor-jove-de-la-cv-cor-jove-de-la-cv","status":"publish","type":"mec-events","link":"https:\/\/fsmcv.org\/vl\/agenda\/concert-eter-ii-trobada-del-cor-jove-de-la-cv-cor-jove-de-la-cv\/","title":{"rendered":"Concert \u00c8TER. II Trobada del Cor Jove de la CV &#8211; Cor Jove de la CV"},"content":{"rendered":"<p>Lloc de realitzaci\u00f3: Claustre Centre del Care de Cultura Contempor\u00e0nia.<\/p>\n","protected":false},"excerpt":{"rendered":"<p>Lloc de realitzaci\u00f3: Claustre Centre del Care de Cultura Contempor\u00e0nia.<\/p>\n","protected":false},"author":17,"featured_media":0,"template":"","tags":[],"mec_category":[220],"class_list":["post-79144","mec-events","type-mec-events","status-publish","hentry","mec_category-concerts"],"_links":{"self":[{"href":"https:\/\/fsmcv.org\/vl\/wp-json\/wp\/v2\/mec-events\/79144","targetHints":{"allow":["GET"]}}],"collection":[{"href":"https:\/\/fsmcv.org\/vl\/wp-json\/wp\/v2\/mec-events"}],"about":[{"href":"https:\/\/fsmcv.org\/vl\/wp-json\/wp\/v2\/types\/mec-events"}],"author":[{"embeddable":true,"href":"https:\/\/fsmcv.org\/vl\/wp-json\/wp\/v2\/users\/17"}],"wp:attachment":[{"href":"https:\/\/fsmcv.org\/vl\/wp-json\/wp\/v2\/media?parent=79144"}],"wp:term":[{"taxonomy":"post_tag","embeddable":true,"href":"https:\/\/fsmcv.org\/vl\/wp-json\/wp\/v2\/tags?post=79144"},{"taxonomy":"mec_category","embeddable":true,"href":"https:\/\/fsmcv.org\/vl\/wp-json\/wp\/v2\/mec_category?post=79144"}],"curies":[{"name":"wp","href":"https:\/\/api.w.org\/{rel}","templated":true}]}}

Concert ÈTER. II Trobada del Cor Jove de la CV &#8211; Cor Jove de la CV

<p>Lloc de realització: Claustre Centre del Care de Cultura Contemporània.</p>
