{"id":79207,"date":"2025-07-10T14:06:00","date_gmt":"2025-07-10T12:06:00","guid":{"rendered":"https:\/\/fsmcv.org\/agenda\/xliii-festival-bandes-de-musica-de-santa-anna-ssmm-de-rafelbunyol-i-albal\/"},"modified":"2025-07-10T14:06:00","modified_gmt":"2025-07-10T12:06:00","slug":"xliii-festival-bandes-de-musica-de-santa-anna-ssmm-de-rafelbunyol-i-albal","status":"publish","type":"mec-events","link":"https:\/\/fsmcv.org\/vl\/agenda\/xliii-festival-bandes-de-musica-de-santa-anna-ssmm-de-rafelbunyol-i-albal\/","title":{"rendered":"XLIII Festival Bandes de M\u00fasica de Santa Anna. SSMM de Rafelbunyol i Albal"},"content":{"rendered":"<p>Lloc de realitzaci\u00f3: Plaza de l&#8217;Esgl\u00e9sia d&#8217;Albal.<\/p>\n","protected":false},"excerpt":{"rendered":"<p>Lloc de realitzaci\u00f3: Plaza de l&#8217;Esgl\u00e9sia d&#8217;Albal.<\/p>\n","protected":false},"author":17,"featured_media":0,"template":"","tags":[],"mec_category":[223],"class_list":["post-79207","mec-events","type-mec-events","status-publish","hentry","mec_category-festivals"],"_links":{"self":[{"href":"https:\/\/fsmcv.org\/vl\/wp-json\/wp\/v2\/mec-events\/79207","targetHints":{"allow":["GET"]}}],"collection":[{"href":"https:\/\/fsmcv.org\/vl\/wp-json\/wp\/v2\/mec-events"}],"about":[{"href":"https:\/\/fsmcv.org\/vl\/wp-json\/wp\/v2\/types\/mec-events"}],"author":[{"embeddable":true,"href":"https:\/\/fsmcv.org\/vl\/wp-json\/wp\/v2\/users\/17"}],"wp:attachment":[{"href":"https:\/\/fsmcv.org\/vl\/wp-json\/wp\/v2\/media?parent=79207"}],"wp:term":[{"taxonomy":"post_tag","embeddable":true,"href":"https:\/\/fsmcv.org\/vl\/wp-json\/wp\/v2\/tags?post=79207"},{"taxonomy":"mec_category","embeddable":true,"href":"https:\/\/fsmcv.org\/vl\/wp-json\/wp\/v2\/mec_category?post=79207"}],"curies":[{"name":"wp","href":"https:\/\/api.w.org\/{rel}","templated":true}]}}

XLIII Festival Bandes de Música de Santa Anna. SSMM de Rafelbunyol i Albal

<p>Lloc de realització: Plaza de l&#8217;Església d&#8217;Albal.</p>
