{"id":79267,"date":"2025-07-22T13:02:08","date_gmt":"2025-07-22T11:02:08","guid":{"rendered":"https:\/\/fsmcv.org\/agenda\/iii-cicle-concerts-de-musica-de-cambra-de-las-ssmm-sm-tot-per-la-musica-dontinyent\/"},"modified":"2025-08-07T13:10:32","modified_gmt":"2025-08-07T11:10:32","slug":"iii-cicle-concerts-de-musica-de-cambra-de-las-ssmm-sm-tot-per-la-musica-dontinyent","status":"publish","type":"mec-events","link":"https:\/\/fsmcv.org\/vl\/agenda\/iii-cicle-concerts-de-musica-de-cambra-de-las-ssmm-sm-tot-per-la-musica-dontinyent\/","title":{"rendered":"III Cicle Concerts de M\u00fasica de Cambra de las SSMM. SM Tot per la M\u00fasica d&#8217;Ontinyent"},"content":{"rendered":"<p>Lloc de realitzaci\u00f3: Alqueria Juli\u00e0-Casa de la M\u00fasica, Val\u00e8ncia.<\/p>\n","protected":false},"excerpt":{"rendered":"<p>Lloc de realitzaci\u00f3: Alqueria Juli\u00e0-Casa de la M\u00fasica, Val\u00e8ncia.<\/p>\n","protected":false},"author":17,"featured_media":79488,"template":"","tags":[],"mec_category":[220],"class_list":["post-79267","mec-events","type-mec-events","status-publish","has-post-thumbnail","hentry","mec_category-concerts"],"_links":{"self":[{"href":"https:\/\/fsmcv.org\/vl\/wp-json\/wp\/v2\/mec-events\/79267","targetHints":{"allow":["GET"]}}],"collection":[{"href":"https:\/\/fsmcv.org\/vl\/wp-json\/wp\/v2\/mec-events"}],"about":[{"href":"https:\/\/fsmcv.org\/vl\/wp-json\/wp\/v2\/types\/mec-events"}],"author":[{"embeddable":true,"href":"https:\/\/fsmcv.org\/vl\/wp-json\/wp\/v2\/users\/17"}],"wp:featuredmedia":[{"embeddable":true,"href":"https:\/\/fsmcv.org\/vl\/wp-json\/wp\/v2\/media\/79488"}],"wp:attachment":[{"href":"https:\/\/fsmcv.org\/vl\/wp-json\/wp\/v2\/media?parent=79267"}],"wp:term":[{"taxonomy":"post_tag","embeddable":true,"href":"https:\/\/fsmcv.org\/vl\/wp-json\/wp\/v2\/tags?post=79267"},{"taxonomy":"mec_category","embeddable":true,"href":"https:\/\/fsmcv.org\/vl\/wp-json\/wp\/v2\/mec_category?post=79267"}],"curies":[{"name":"wp","href":"https:\/\/api.w.org\/{rel}","templated":true}]}}

III Cicle Concerts de Música de Cambra de las SSMM. SM Tot per la Música d&#8217;Ontinyent

<p>Lloc de realització: Alqueria Julià-Casa de la Música, València.</p>
