{"id":79274,"date":"2025-07-22T13:10:24","date_gmt":"2025-07-22T11:10:24","guid":{"rendered":"https:\/\/fsmcv.org\/agenda\/cicle-concerts-la-musica-que-ens-uneix-societat-musical-lharmonica-de-sant-antoni\/"},"modified":"2025-07-22T13:10:24","modified_gmt":"2025-07-22T11:10:24","slug":"cicle-concerts-la-musica-que-ens-uneix-societat-musical-lharmonica-de-sant-antoni","status":"publish","type":"mec-events","link":"https:\/\/fsmcv.org\/vl\/agenda\/cicle-concerts-la-musica-que-ens-uneix-societat-musical-lharmonica-de-sant-antoni\/","title":{"rendered":"Cicle concerts &#8220;La M\u00fasica que ens uneix&#8221;. Societat Musical L&#8217;Harm\u00f2nica de Sant Antoni"},"content":{"rendered":"<p>Lloc de realitzaci\u00f3: Pla\u00e7a Los Garc\u00eda (darrere del Teatre Garc\u00eda Berlanga)<\/p>\n","protected":false},"excerpt":{"rendered":"<p>Lloc de realitzaci\u00f3: Pla\u00e7a Los Garc\u00eda (darrere del Teatre Garc\u00eda Berlanga)<\/p>\n","protected":false},"author":17,"featured_media":79273,"template":"","tags":[],"mec_category":[220],"class_list":["post-79274","mec-events","type-mec-events","status-publish","has-post-thumbnail","hentry","mec_category-concerts"],"_links":{"self":[{"href":"https:\/\/fsmcv.org\/vl\/wp-json\/wp\/v2\/mec-events\/79274","targetHints":{"allow":["GET"]}}],"collection":[{"href":"https:\/\/fsmcv.org\/vl\/wp-json\/wp\/v2\/mec-events"}],"about":[{"href":"https:\/\/fsmcv.org\/vl\/wp-json\/wp\/v2\/types\/mec-events"}],"author":[{"embeddable":true,"href":"https:\/\/fsmcv.org\/vl\/wp-json\/wp\/v2\/users\/17"}],"wp:featuredmedia":[{"embeddable":true,"href":"https:\/\/fsmcv.org\/vl\/wp-json\/wp\/v2\/media\/79273"}],"wp:attachment":[{"href":"https:\/\/fsmcv.org\/vl\/wp-json\/wp\/v2\/media?parent=79274"}],"wp:term":[{"taxonomy":"post_tag","embeddable":true,"href":"https:\/\/fsmcv.org\/vl\/wp-json\/wp\/v2\/tags?post=79274"},{"taxonomy":"mec_category","embeddable":true,"href":"https:\/\/fsmcv.org\/vl\/wp-json\/wp\/v2\/mec_category?post=79274"}],"curies":[{"name":"wp","href":"https:\/\/api.w.org\/{rel}","templated":true}]}}

Cicle concerts &#8220;La Música que ens uneix&#8221;. Societat Musical L&#8217;Harmònica de Sant Antoni

<p>Lloc de realització: Plaça Los García (darrere del Teatre García Berlanga)</p>
