{"id":79289,"date":"2025-07-22T13:28:44","date_gmt":"2025-07-22T11:28:44","guid":{"rendered":"https:\/\/fsmcv.org\/agenda\/iii-cicle-concerts-de-musica-de-cambra-de-les-ssmm-amscd-carolinas-dalacant\/"},"modified":"2025-12-10T10:12:10","modified_gmt":"2025-12-10T09:12:10","slug":"iii-cicle-concerts-de-musica-de-cambra-de-les-ssmm-amscd-carolinas-dalacant","status":"publish","type":"mec-events","link":"https:\/\/fsmcv.org\/vl\/agenda\/iii-cicle-concerts-de-musica-de-cambra-de-les-ssmm-amscd-carolinas-dalacant\/","title":{"rendered":"III Cicle Concerts de M\u00fasica de Cambra de les SSMM. AMSCD Carolinas de Alicante"},"content":{"rendered":"<p>Lloc de realitzaci\u00f3: Alqueria Juli\u00e0-Casa de la M\u00fasica, Val\u00e8ncia.<\/p>\n","protected":false},"excerpt":{"rendered":"<p>Lloc de realitzaci\u00f3: Alqueria Juli\u00e0-Casa de la M\u00fasica, Val\u00e8ncia.<\/p>\n","protected":false},"author":17,"featured_media":81048,"template":"","tags":[],"mec_category":[220],"class_list":["post-79289","mec-events","type-mec-events","status-publish","has-post-thumbnail","hentry","mec_category-concerts"],"_links":{"self":[{"href":"https:\/\/fsmcv.org\/vl\/wp-json\/wp\/v2\/mec-events\/79289","targetHints":{"allow":["GET"]}}],"collection":[{"href":"https:\/\/fsmcv.org\/vl\/wp-json\/wp\/v2\/mec-events"}],"about":[{"href":"https:\/\/fsmcv.org\/vl\/wp-json\/wp\/v2\/types\/mec-events"}],"author":[{"embeddable":true,"href":"https:\/\/fsmcv.org\/vl\/wp-json\/wp\/v2\/users\/17"}],"wp:featuredmedia":[{"embeddable":true,"href":"https:\/\/fsmcv.org\/vl\/wp-json\/wp\/v2\/media\/81048"}],"wp:attachment":[{"href":"https:\/\/fsmcv.org\/vl\/wp-json\/wp\/v2\/media?parent=79289"}],"wp:term":[{"taxonomy":"post_tag","embeddable":true,"href":"https:\/\/fsmcv.org\/vl\/wp-json\/wp\/v2\/tags?post=79289"},{"taxonomy":"mec_category","embeddable":true,"href":"https:\/\/fsmcv.org\/vl\/wp-json\/wp\/v2\/mec_category?post=79289"}],"curies":[{"name":"wp","href":"https:\/\/api.w.org\/{rel}","templated":true}]}}

III Cicle Concerts de Música de Cambra de les SSMM. AMSCD Carolinas de Alicante

<p>Lloc de realització: Alqueria Julià-Casa de la Música, València.</p>
