{"id":80044,"date":"2025-09-25T10:43:53","date_gmt":"2025-09-25T08:43:53","guid":{"rendered":"https:\/\/fsmcv.org\/agenda\/concert-entrega-detall-per-125-aniversari-unio-musical-santa-cecilia-de-benicassim\/"},"modified":"2025-09-25T10:43:53","modified_gmt":"2025-09-25T08:43:53","slug":"concert-entrega-detall-per-125-aniversari-unio-musical-santa-cecilia-de-benicassim","status":"publish","type":"mec-events","link":"https:\/\/fsmcv.org\/vl\/agenda\/concert-entrega-detall-per-125-aniversari-unio-musical-santa-cecilia-de-benicassim\/","title":{"rendered":"Concert entrega detall per 125 aniversari &#8211; Uni\u00f3 Musical Santa Cecilia de Benic\u00e0ssim"},"content":{"rendered":"<p>Lloc de realitzaci\u00f3: Teatre municipal Francesc T\u00e0rrega, Benic\u00e0ssim.<\/p>\n","protected":false},"excerpt":{"rendered":"<p>Lloc de realitzaci\u00f3: Teatre municipal Francesc T\u00e0rrega, Benic\u00e0ssim.<\/p>\n","protected":false},"author":17,"featured_media":79303,"template":"","tags":[],"mec_category":[220],"class_list":["post-80044","mec-events","type-mec-events","status-publish","has-post-thumbnail","hentry","mec_category-concerts"],"_links":{"self":[{"href":"https:\/\/fsmcv.org\/vl\/wp-json\/wp\/v2\/mec-events\/80044","targetHints":{"allow":["GET"]}}],"collection":[{"href":"https:\/\/fsmcv.org\/vl\/wp-json\/wp\/v2\/mec-events"}],"about":[{"href":"https:\/\/fsmcv.org\/vl\/wp-json\/wp\/v2\/types\/mec-events"}],"author":[{"embeddable":true,"href":"https:\/\/fsmcv.org\/vl\/wp-json\/wp\/v2\/users\/17"}],"wp:featuredmedia":[{"embeddable":true,"href":"https:\/\/fsmcv.org\/vl\/wp-json\/wp\/v2\/media\/79303"}],"wp:attachment":[{"href":"https:\/\/fsmcv.org\/vl\/wp-json\/wp\/v2\/media?parent=80044"}],"wp:term":[{"taxonomy":"post_tag","embeddable":true,"href":"https:\/\/fsmcv.org\/vl\/wp-json\/wp\/v2\/tags?post=80044"},{"taxonomy":"mec_category","embeddable":true,"href":"https:\/\/fsmcv.org\/vl\/wp-json\/wp\/v2\/mec_category?post=80044"}],"curies":[{"name":"wp","href":"https:\/\/api.w.org\/{rel}","templated":true}]}}

Concert entrega detall per 125 aniversari &#8211; Unió Musical Santa Cecilia de Benicàssim

<p>Lloc de realització: Teatre municipal Francesc Tàrrega, Benicàssim.</p>
