{"id":81165,"date":"2025-12-22T10:44:14","date_gmt":"2025-12-22T09:44:14","guid":{"rendered":"https:\/\/fsmcv.org\/agenda\/bandes-a-les-arts-societat-musical-barri-de-malilla-de-valencia\/"},"modified":"2025-12-22T10:44:14","modified_gmt":"2025-12-22T09:44:14","slug":"bandes-a-les-arts-societat-musical-barri-de-malilla-de-valencia","status":"publish","type":"mec-events","link":"https:\/\/fsmcv.org\/vl\/agenda\/bandes-a-les-arts-societat-musical-barri-de-malilla-de-valencia\/","title":{"rendered":"Bandes A Les Arts &#8211; Societat Musical Barri de Malilla de Val\u00e8ncia"},"content":{"rendered":"<p>Lloc de realitzaci\u00f3: Sala Auditori, Palau de les Arts Reina Sof\u00eda, Val\u00e8ncia<\/p>\n","protected":false},"excerpt":{"rendered":"<p>Lloc de realitzaci\u00f3: Sala Auditori, Palau de les Arts Reina Sof\u00eda, Val\u00e8ncia<\/p>\n","protected":false},"author":17,"featured_media":81155,"template":"","tags":[],"mec_category":[220],"class_list":["post-81165","mec-events","type-mec-events","status-publish","has-post-thumbnail","hentry","mec_category-concerts"],"_links":{"self":[{"href":"https:\/\/fsmcv.org\/vl\/wp-json\/wp\/v2\/mec-events\/81165","targetHints":{"allow":["GET"]}}],"collection":[{"href":"https:\/\/fsmcv.org\/vl\/wp-json\/wp\/v2\/mec-events"}],"about":[{"href":"https:\/\/fsmcv.org\/vl\/wp-json\/wp\/v2\/types\/mec-events"}],"author":[{"embeddable":true,"href":"https:\/\/fsmcv.org\/vl\/wp-json\/wp\/v2\/users\/17"}],"wp:featuredmedia":[{"embeddable":true,"href":"https:\/\/fsmcv.org\/vl\/wp-json\/wp\/v2\/media\/81155"}],"wp:attachment":[{"href":"https:\/\/fsmcv.org\/vl\/wp-json\/wp\/v2\/media?parent=81165"}],"wp:term":[{"taxonomy":"post_tag","embeddable":true,"href":"https:\/\/fsmcv.org\/vl\/wp-json\/wp\/v2\/tags?post=81165"},{"taxonomy":"mec_category","embeddable":true,"href":"https:\/\/fsmcv.org\/vl\/wp-json\/wp\/v2\/mec_category?post=81165"}],"curies":[{"name":"wp","href":"https:\/\/api.w.org\/{rel}","templated":true}]}}

Bandes A Les Arts &#8211; Societat Musical Barri de Malilla de València

<p>Lloc de realització: Sala Auditori, Palau de les Arts Reina Sofía, València</p>
