{"id":81279,"date":"2026-01-15T12:33:52","date_gmt":"2026-01-15T11:33:52","guid":{"rendered":"https:\/\/fsmcv.org\/agenda\/49-certamen-provincial-de-bandes-de-musica-de-valencia-diputacio-de-valencia-2\/"},"modified":"2026-04-27T12:54:40","modified_gmt":"2026-04-27T10:54:40","slug":"49-certamen-provincial-de-bandes-de-musica-de-valencia-diputacio-de-valencia-2","status":"publish","type":"mec-events","link":"https:\/\/fsmcv.org\/vl\/agenda\/49-certamen-provincial-de-bandes-de-musica-de-valencia-diputacio-de-valencia-2\/","title":{"rendered":"49 Certamen Provincial de Bandes de M\u00fasica de Val\u00e8ncia &#8211; Diputaci\u00f3 de Val\u00e8ncia"},"content":{"rendered":"<p>Lloc de realitzaci\u00f3: Palau de la M\u00fasica de Val\u00e8ncia.<\/p>\n","protected":false},"excerpt":{"rendered":"<p>Lloc de realitzaci\u00f3: Palau de la M\u00fasica de Val\u00e8ncia.<\/p>\n","protected":false},"author":17,"featured_media":82449,"template":"","tags":[],"mec_category":[632],"class_list":["post-81279","mec-events","type-mec-events","status-publish","has-post-thumbnail","hentry","mec_category-certamens"],"_links":{"self":[{"href":"https:\/\/fsmcv.org\/vl\/wp-json\/wp\/v2\/mec-events\/81279","targetHints":{"allow":["GET"]}}],"collection":[{"href":"https:\/\/fsmcv.org\/vl\/wp-json\/wp\/v2\/mec-events"}],"about":[{"href":"https:\/\/fsmcv.org\/vl\/wp-json\/wp\/v2\/types\/mec-events"}],"author":[{"embeddable":true,"href":"https:\/\/fsmcv.org\/vl\/wp-json\/wp\/v2\/users\/17"}],"wp:featuredmedia":[{"embeddable":true,"href":"https:\/\/fsmcv.org\/vl\/wp-json\/wp\/v2\/media\/82449"}],"wp:attachment":[{"href":"https:\/\/fsmcv.org\/vl\/wp-json\/wp\/v2\/media?parent=81279"}],"wp:term":[{"taxonomy":"post_tag","embeddable":true,"href":"https:\/\/fsmcv.org\/vl\/wp-json\/wp\/v2\/tags?post=81279"},{"taxonomy":"mec_category","embeddable":true,"href":"https:\/\/fsmcv.org\/vl\/wp-json\/wp\/v2\/mec_category?post=81279"}],"curies":[{"name":"wp","href":"https:\/\/api.w.org\/{rel}","templated":true}]}}

49 Certamen Provincial de Bandes de Música de València &#8211; Diputació de València

<p>Lloc de realització: Palau de la Música de València.</p>
